CRAN Package Check Results for Package FactoMineR

Last updated on 2018-05-23 13:48:33 CEST.

Flavor Version Tinstall Tcheck Ttotal Status Flags
r-devel-linux-x86_64-debian-clang 1.41 23.10 118.91 142.01 OK
r-devel-linux-x86_64-debian-gcc 1.41 0.54 1.46 2.00 ERROR
r-devel-linux-x86_64-fedora-clang 1.41 170.77 OK
r-devel-linux-x86_64-fedora-gcc 1.41 165.95 OK
r-devel-windows-ix86+x86_64 1.41 26.00 170.00 196.00 OK
r-patched-linux-x86_64 1.41 21.93 119.05 140.98 OK
r-patched-solaris-x86 1.41 206.80 OK
r-release-linux-x86_64 1.41 22.11 120.27 142.38 OK
r-release-windows-ix86+x86_64 1.41 41.00 172.00 213.00 OK
r-release-osx-x86_64 1.41 OK
r-oldrel-windows-ix86+x86_64 1.41 14.00 133.00 147.00 OK
r-oldrel-osx-x86_64 1.40 OK

Check Details

Version: 1.41
Check: package dependencies
Result: ERROR
    Package required but not available: ‘car’
    
    Package suggested but not available for checking: ‘missMDA’
    
    See section ‘The DESCRIPTION file’ in the ‘Writing R Extensions’
    manual.
Flavor: r-devel-linux-x86_64-debian-gcc