CRAN Package Check Results for Package FairMclus

Last updated on 2024-02-27 08:55:16 CET.

Flavor Version Tinstall Tcheck Ttotal Status Flags
r-devel-linux-x86_64-debian-clang 2.2.1 5.74 46.02 51.76 OK
r-devel-linux-x86_64-debian-gcc 2.2.1 4.54 34.87 39.41 OK
r-devel-linux-x86_64-fedora-clang 2.2.1 68.03 NOTE
r-devel-linux-x86_64-fedora-gcc 2.2.1 59.72 NOTE
r-devel-windows-x86_64 2.2.1 6.00 52.00 58.00 OK
r-patched-linux-x86_64 2.2.1 3.80 43.76 47.56 OK
r-release-linux-x86_64 2.2.1 4.38 44.55 48.93 OK
r-release-macos-arm64 2.2.1 24.00 OK
r-release-macos-x86_64 2.2.1 37.00 OK
r-release-windows-x86_64 2.2.1 7.00 58.00 65.00 OK
r-oldrel-macos-arm64 2.2.1 24.00 NOTE
r-oldrel-windows-x86_64 2.2.1 8.00 65.00 73.00 OK

Check Details

Version: 2.2.1
Check: dependencies in R code
Result: NOTE Namespaces in Imports field not imported from: ‘base’ ‘data.table’ All declared Imports should be used. Flavors: r-devel-linux-x86_64-fedora-clang, r-devel-linux-x86_64-fedora-gcc, r-oldrel-macos-arm64