CRAN Package Check Results for Package FastBandChol

Last updated on 2022-05-28 22:55:08 CEST.

Flavor Version Tinstall Tcheck Ttotal Status Flags
r-devel-linux-x86_64-debian-clang 0.1.1 32.15 35.90 68.05 NOTE
r-devel-linux-x86_64-debian-gcc 0.1.1 23.76 28.46 52.22 NOTE
r-devel-linux-x86_64-fedora-clang 0.1.1 92.12 NOTE
r-devel-linux-x86_64-fedora-gcc 0.1.1 86.34 NOTE
r-devel-windows-x86_64 0.1.1 41.00 74.00 115.00 NOTE
r-patched-linux-x86_64 0.1.1 27.93 36.22 64.15 NOTE
r-release-linux-x86_64 0.1.1 24.86 35.70 60.56 NOTE
r-release-macos-arm64 0.1.1 26.00 NOTE
r-release-macos-x86_64 0.1.1 34.00 NOTE
r-release-windows-x86_64 0.1.1 39.00 74.00 113.00 NOTE
r-oldrel-macos-arm64 0.1.1 30.00 NOTE
r-oldrel-macos-x86_64 0.1.1 42.00 NOTE
r-oldrel-windows-ix86+x86_64 0.1.1 78.00 84.00 162.00 NOTE

Check Details

Version: 0.1.1
Check: LazyData
Result: NOTE
     'LazyData' is specified without a 'data' directory
Flavors: r-devel-linux-x86_64-debian-clang, r-devel-linux-x86_64-debian-gcc, r-devel-linux-x86_64-fedora-clang, r-devel-linux-x86_64-fedora-gcc, r-devel-windows-x86_64, r-patched-linux-x86_64, r-release-linux-x86_64, r-release-macos-arm64, r-release-macos-x86_64, r-release-windows-x86_64, r-oldrel-macos-arm64, r-oldrel-macos-x86_64, r-oldrel-windows-ix86+x86_64

Version: 0.1.1
Check: compiled code
Result: NOTE
    File ‘FastBandChol/libs/FastBandChol.so’:
     Found no calls to: ‘R_registerRoutines’, ‘R_useDynamicSymbols’
    
    It is good practice to register native routines and to disable symbol
    search.
    
    See ‘Writing portable packages’ in the ‘Writing R Extensions’ manual.
Flavors: r-devel-linux-x86_64-fedora-clang, r-devel-linux-x86_64-fedora-gcc