CRAN Package Check Results for Package FastBandChol

Last updated on 2024-03-04 17:50:52 CET.

Flavor Version Tinstall Tcheck Ttotal Status Flags
r-devel-linux-x86_64-debian-clang 0.1.1 32.50 28.73 61.23 NOTE
r-devel-linux-x86_64-debian-gcc 0.1.1 26.67 22.21 48.88 NOTE
r-devel-linux-x86_64-fedora-clang 0.1.1 93.00 NOTE
r-devel-linux-x86_64-fedora-gcc 0.1.1 89.65 NOTE
r-devel-windows-x86_64 0.1.1 26.00 72.00 98.00 NOTE
r-patched-linux-x86_64 0.1.1 32.98 28.11 61.09 NOTE
r-release-linux-x86_64 0.1.1 29.98 28.14 58.12 NOTE
r-release-macos-arm64 0.1.1 27.00 NOTE
r-release-macos-x86_64 0.1.1 40.00 NOTE
r-release-windows-x86_64 0.1.1 26.00 77.00 103.00 NOTE
r-oldrel-macos-arm64 0.1.1 25.00 NOTE
r-oldrel-windows-x86_64 0.1.1 31.00 70.00 101.00 NOTE

Check Details

Version: 0.1.1
Check: LazyData
Result: NOTE 'LazyData' is specified without a 'data' directory Flavors: r-devel-linux-x86_64-debian-clang, r-devel-linux-x86_64-debian-gcc, r-devel-linux-x86_64-fedora-clang, r-devel-linux-x86_64-fedora-gcc, r-devel-windows-x86_64, r-patched-linux-x86_64, r-release-linux-x86_64, r-release-macos-arm64, r-release-macos-x86_64, r-release-windows-x86_64, r-oldrel-macos-arm64, r-oldrel-windows-x86_64

Version: 0.1.1
Check: compiled code
Result: NOTE File ‘FastBandChol/libs/FastBandChol.so’: Found no calls to: ‘R_registerRoutines’, ‘R_useDynamicSymbols’ It is good practice to register native routines and to disable symbol search. See ‘Writing portable packages’ in the ‘Writing R Extensions’ manual. Flavors: r-devel-linux-x86_64-fedora-clang, r-devel-linux-x86_64-fedora-gcc