CRAN Package Check Results for Package FastRCS

Last updated on 2024-06-13 14:48:58 CEST.

Flavor Version Tinstall Tcheck Ttotal Status Flags
r-devel-linux-x86_64-debian-clang 0.0.9 33.36 25.78 59.14 OK
r-devel-linux-x86_64-debian-gcc 0.0.9 28.85 22.84 51.69 OK
r-devel-linux-x86_64-fedora-clang 0.0.9 73.56 OK
r-devel-linux-x86_64-fedora-gcc 0.0.9 90.72 OK
r-devel-windows-x86_64 0.0.9 26.00 49.00 75.00 OK
r-patched-linux-x86_64 0.0.9 34.23 28.02 62.25 OK
r-release-linux-x86_64 0.0.9 37.40 28.71 66.11 OK
r-release-macos-arm64 0.0.9 29.00 NOTE
r-release-macos-x86_64 0.0.9 54.00 NOTE
r-release-windows-x86_64 0.0.9 25.00 60.00 85.00 WARN
r-oldrel-macos-arm64 0.0.9 33.00 NOTE
r-oldrel-macos-x86_64 0.0.9 61.00 NOTE
r-oldrel-windows-x86_64 0.0.9 32.00 69.00 101.00 OK

Check Details

Version: 0.0.9
Check: installed package size
Result: NOTE installed size is 14.5Mb sub-directories of 1Mb or more: libs 14.4Mb Flavors: r-release-macos-arm64, r-release-macos-x86_64, r-oldrel-macos-arm64, r-oldrel-macos-x86_64

Version: 0.0.9
Check: PDF version of manual
Result: WARN LaTeX errors when creating PDF version. This typically indicates Rd problems. LaTeX errors found: Flavor: r-release-windows-x86_64