Last updated on 2022-05-26 16:54:35 CEST.
Flavor | Version | Tinstall | Tcheck | Ttotal | Status | Flags |
---|---|---|---|---|---|---|
r-devel-linux-x86_64-debian-clang | 0.0.8 | 44.69 | 34.52 | 79.21 | OK | |
r-devel-linux-x86_64-debian-gcc | 0.0.8 | 33.49 | 31.46 | 64.95 | OK | |
r-devel-linux-x86_64-fedora-clang | 0.0.8 | 106.53 | NOTE | |||
r-devel-linux-x86_64-fedora-gcc | 0.0.8 | 96.21 | OK | |||
r-devel-windows-x86_64 | 0.0.8 | 31.00 | 73.00 | 104.00 | OK | |
r-patched-linux-x86_64 | 0.0.8 | 34.17 | 36.25 | 70.42 | OK | |
r-release-linux-x86_64 | 0.0.8 | 30.34 | 35.95 | 66.29 | OK | |
r-release-macos-arm64 | 0.0.8 | 34.00 | NOTE | |||
r-release-macos-x86_64 | 0.0.8 | 39.00 | NOTE | |||
r-release-windows-x86_64 | 0.0.8 | 36.00 | 72.00 | 108.00 | OK | |
r-oldrel-macos-arm64 | 0.0.8 | 41.00 | NOTE | |||
r-oldrel-macos-x86_64 | 0.0.8 | 54.00 | NOTE | |||
r-oldrel-windows-ix86+x86_64 | 0.0.8 | 74.00 | 77.00 | 151.00 | OK |
Version: 0.0.8
Check: installed package size
Result: NOTE
installed size is 16.6Mb
sub-directories of 1Mb or more:
libs 16.4Mb
Flavors: r-devel-linux-x86_64-fedora-clang, r-release-macos-arm64, r-release-macos-x86_64, r-oldrel-macos-arm64, r-oldrel-macos-x86_64