CRAN Package Check Results for Package FastRWeb

Last updated on 2022-10-01 11:49:26 CEST.

Flavor Version Tinstall Tcheck Ttotal Status Flags
r-devel-linux-x86_64-debian-clang 1.2-0 12.52 29.83 42.35 NOTE
r-devel-linux-x86_64-debian-gcc 1.2-0 7.01 22.30 29.31 WARN
r-devel-linux-x86_64-fedora-clang 1.2-0 67.21 NOTE
r-devel-linux-x86_64-fedora-gcc 1.2-0 60.64 WARN
r-devel-windows-x86_64 1.2-0 31.00 57.00 88.00 WARN
r-patched-linux-x86_64 1.2-0 9.31 28.20 37.51 NOTE
r-release-linux-x86_64 1.2-0 7.83 27.23 35.06 NOTE
r-release-macos-arm64 1.2-0 25.00 NOTE
r-release-macos-x86_64 1.2-0 32.00 NOTE
r-release-windows-x86_64 1.2-0 46.00 55.00 101.00 NOTE
r-oldrel-macos-arm64 1.2-0 29.00 NOTE
r-oldrel-macos-x86_64 1.2-0 35.00 NOTE
r-oldrel-windows-ix86+x86_64 1.2-0 29.00 55.00 84.00 NOTE

Check Details

Version: 1.2-0
Check: R code for possible problems
Result: NOTE
    .run: no visible binding for global variable 'init'
    .run: no visible global function definition for 'init'
    .run: no visible binding for global variable 'run'
    Undefined global functions or variables:
     init run
Flavors: r-devel-linux-x86_64-debian-clang, r-devel-linux-x86_64-debian-gcc, r-devel-linux-x86_64-fedora-clang, r-devel-linux-x86_64-fedora-gcc, r-devel-windows-x86_64, r-patched-linux-x86_64, r-release-linux-x86_64, r-release-macos-arm64, r-release-macos-x86_64, r-release-windows-x86_64, r-oldrel-macos-arm64, r-oldrel-macos-x86_64, r-oldrel-windows-ix86+x86_64

Version: 1.2-0
Check: compiled code
Result: NOTE
    Note: information on .o files is not available
Flavors: r-devel-linux-x86_64-debian-clang, r-devel-linux-x86_64-debian-gcc, r-patched-linux-x86_64, r-release-linux-x86_64, r-release-macos-arm64, r-release-macos-x86_64, r-oldrel-macos-arm64, r-oldrel-macos-x86_64

Version: 1.2-0
Check: whether package can be installed
Result: WARN
    Found the following significant warnings:
     Rconnection.cc:282:52: warning: format ‘%p’ expects argument of type ‘void*’, but argument 3 has type ‘Rexp*’ [-Wformat=]
Flavors: r-devel-linux-x86_64-debian-gcc, r-devel-linux-x86_64-fedora-gcc, r-devel-windows-x86_64

Version: 1.2-0
Check: compiled code
Result: NOTE
    Note: information on .o files is not available
    File ‘FastRWeb/libs/null.so’:
     Found no calls to: ‘R_registerRoutines’, ‘R_useDynamicSymbols’
    
    It is good practice to register native routines and to disable symbol
    search.
    
    See ‘Writing portable packages’ in the ‘Writing R Extensions’ manual.
Flavors: r-devel-linux-x86_64-fedora-clang, r-devel-linux-x86_64-fedora-gcc

Version: 1.2-0
Check: installed package size
Result: NOTE
     installed size is 6.2Mb
     sub-directories of 1Mb or more:
     Rcgi 3.1Mb
     cgi-bin 2.9Mb
Flavors: r-devel-windows-x86_64, r-release-windows-x86_64, r-oldrel-windows-ix86+x86_64