Last updated on 2022-05-24 21:51:41 CEST.
Flavor | Version | Tinstall | Tcheck | Ttotal | Status | Flags |
---|---|---|---|---|---|---|
r-devel-linux-x86_64-debian-clang | 0.99.5 | 141.82 | 45.35 | 187.17 | OK | |
r-devel-linux-x86_64-debian-gcc | 0.99.5 | 119.37 | 35.38 | 154.75 | OK | |
r-devel-linux-x86_64-fedora-clang | 0.99.5 | 295.44 | OK | |||
r-devel-linux-x86_64-fedora-gcc | 0.99.5 | 273.13 | OK | |||
r-devel-windows-x86_64 | 0.99.5 | 139.00 | 80.00 | 219.00 | OK | |
r-patched-linux-x86_64 | 0.99.5 | 131.39 | 44.21 | 175.60 | OK | |
r-release-linux-x86_64 | 0.99.5 | OK | ||||
r-release-macos-arm64 | 0.99.5 | 56.00 | OK | |||
r-release-macos-x86_64 | 0.99.5 | 77.00 | OK | |||
r-release-windows-x86_64 | 0.99.5 | 131.00 | 84.00 | 215.00 | OK | |
r-oldrel-macos-arm64 | 0.99.5 | 58.00 | NOTE | |||
r-oldrel-macos-x86_64 | 0.99.5 | 103.00 | OK | |||
r-oldrel-windows-ix86+x86_64 | 0.99.5 | 381.00 | 82.00 | 463.00 | OK |
Version: 0.99.5
Check: installed package size
Result: NOTE
installed size is 5.2Mb
sub-directories of 1Mb or more:
libs 4.9Mb
Flavor: r-oldrel-macos-arm64