CRAN Package Check Results for Package FeatureHashing

Last updated on 2019-01-21 13:51:39 CET.

Flavor Version Tinstall Tcheck Ttotal Status Flags
r-devel-linux-x86_64-debian-clang 0.9.1.3 59.86 111.03 170.89 OK
r-devel-linux-x86_64-debian-gcc 0.9.1.3 56.66 85.02 141.68 OK
r-devel-linux-x86_64-fedora-clang 0.9.1.3 230.50 OK
r-devel-linux-x86_64-fedora-gcc 0.9.1.3 212.17 OK
r-devel-windows-ix86+x86_64 0.9.1.3 181.00 228.00 409.00 OK
r-patched-linux-x86_64 0.9.1.3 71.97 108.48 180.45 OK
r-patched-solaris-x86 0.9.1.3 283.70 OK
r-release-linux-x86_64 0.9.1.3 66.83 102.45 169.28 OK
r-release-windows-ix86+x86_64 0.9.1.3 172.00 228.00 400.00 OK
r-release-osx-x86_64 0.9.1.3 ERROR
r-oldrel-windows-ix86+x86_64 0.9.1.3 180.00 168.00 348.00 OK
r-oldrel-osx-x86_64 0.9.1.3 ERROR

Check Details

Version: 0.9.1.3
Check: tests
Result: ERROR
     Running ‘test-as-dgCMatrix.R’ [3s/4s]
     Running ‘test-empty_array.R’ [3s/4s]
     Running ‘test-existence_collision.R’ [2s/4s]
     Running ‘test-hash.mapping.R’ [2s/4s]
     Running ‘test-hashing.R’ [3s/4s]
    Running the tests in ‘tests/test-hashing.R’ failed.
    Last 13 lines of output:
     + if (class(e)[1] != "std::invalid_argument") stop(e)
     + if (conditionMessage(e) != "Failed to find the column:PlAnT") stop(e)
     + })
     +
     + m <- hashed.model.matrix(~ Plant:Type:Treatment, CO2, create.mapping = TRUE, signed.hash = TRUE)
     + map <- hash.mapping(m)
     + map <- map[grepl("\\w+:\\w+:\\w+", names(map))]
     + checkTrue(all(hashed.interaction.value(names(map)) %% (2^18) + 1== map),
     + "The hashed.interaction.value gives inconsistent result of hashed.model.matrix")
     + }
     Loading required package: RUnit
     Error in .hashed.model.matrix.dataframe(tf, data, hash.size, transpose, :
     c++ exception (unknown reason)
     Calls: tryCatch -> tryCatchList -> tryCatchOne -> <Anonymous>
     Execution halted
Flavor: r-release-osx-x86_64

Version: 0.9.1.3
Check: tests
Result: ERROR
     Running ‘test-as-dgCMatrix.R’ [2s/2s]
     Running ‘test-empty_array.R’ [3s/3s]
     Running ‘test-existence_collision.R’ [2s/2s]
     Running ‘test-hash.mapping.R’ [2s/2s]
     Running ‘test-hashing.R’ [2s/2s]
    Running the tests in ‘tests/test-hashing.R’ failed.
    Last 13 lines of output:
     + if (class(e)[1] != "std::invalid_argument") stop(e)
     + if (conditionMessage(e) != "Failed to find the column:PlAnT") stop(e)
     + })
     +
     + m <- hashed.model.matrix(~ Plant:Type:Treatment, CO2, create.mapping = TRUE, signed.hash = TRUE)
     + map <- hash.mapping(m)
     + map <- map[grepl("\\w+:\\w+:\\w+", names(map))]
     + checkTrue(all(hashed.interaction.value(names(map)) %% (2^18) + 1== map),
     + "The hashed.interaction.value gives inconsistent result of hashed.model.matrix")
     + }
     Loading required package: RUnit
     Error in .hashed.model.matrix.dataframe(tf, data, hash.size, transpose, :
     c++ exception (unknown reason)
     Calls: tryCatch -> tryCatchList -> tryCatchOne -> <Anonymous>
     Execution halted
Flavor: r-oldrel-osx-x86_64