Last updated on 2022-05-17 21:50:46 CEST.
Flavor | Version | Tinstall | Tcheck | Ttotal | Status | Flags |
---|---|---|---|---|---|---|
r-devel-linux-x86_64-debian-clang | 0.9.1.4 | 86.36 | 139.13 | 225.49 | WARN | |
r-devel-linux-x86_64-debian-gcc | 0.9.1.4 | 65.13 | 107.43 | 172.56 | OK | |
r-devel-linux-x86_64-fedora-clang | 0.9.1.4 | 299.92 | WARN | |||
r-devel-linux-x86_64-fedora-gcc | 0.9.1.4 | 279.49 | OK | |||
r-devel-windows-x86_64 | 0.9.1.4 | 109.00 | 182.00 | 291.00 | OK | |
r-patched-linux-x86_64 | 0.9.1.4 | 75.90 | 134.29 | 210.19 | OK | |
r-release-linux-x86_64 | 0.9.1.4 | 70.15 | 138.49 | 208.64 | OK | |
r-release-macos-arm64 | 0.9.1.4 | 73.00 | OK | |||
r-release-macos-x86_64 | 0.9.1.4 | 104.00 | OK | |||
r-release-windows-x86_64 | 0.9.1.4 | 121.00 | 187.00 | 308.00 | OK | |
r-oldrel-macos-arm64 | 0.9.1.4 | 87.00 | NOTE | |||
r-oldrel-macos-x86_64 | 0.9.1.4 | 151.00 | OK | |||
r-oldrel-windows-ix86+x86_64 | 0.9.1.4 | 199.00 | 230.00 | 429.00 | OK |
Version: 0.9.1.4
Check: whether package can be installed
Result: WARN
Found the following significant warnings:
./vector_converter.h:249:9: warning: use of bitwise '|' with boolean operands [-Wbitwise-instead-of-logical]
./vector_converter.h:259:9: warning: use of bitwise '|' with boolean operands [-Wbitwise-instead-of-logical]
Flavors: r-devel-linux-x86_64-debian-clang, r-devel-linux-x86_64-fedora-clang
Version: 0.9.1.4
Check: installed package size
Result: NOTE
installed size is 5.7Mb
sub-directories of 1Mb or more:
libs 5.0Mb
Flavor: r-oldrel-macos-arm64