CRAN Package Check Results for Package FeatureHashing

Last updated on 2018-02-20 19:48:15 CET.

Flavor Version Tinstall Tcheck Ttotal Status Flags
r-devel-linux-x86_64-debian-clang 0.9.1.1 62.72 102.12 164.84 NOTE
r-devel-linux-x86_64-debian-gcc 0.9.1.1 48.79 80.21 129.00 NOTE
r-devel-linux-x86_64-fedora-clang 0.9.1.1 224.85 NOTE
r-devel-linux-x86_64-fedora-gcc 0.9.1.1 207.57 NOTE
r-devel-windows-ix86+x86_64 0.9.1.1 122.00 160.00 282.00 OK
r-patched-linux-x86_64 0.9.1.1 59.63 111.55 171.18 NOTE
r-patched-solaris-x86 0.9.1.1 287.80 OK
r-release-linux-x86_64 0.9.1.1 60.87 108.63 169.50 NOTE
r-release-windows-ix86+x86_64 0.9.1.1 187.00 219.00 406.00 OK
r-release-osx-x86_64 0.9.1.1 ERROR
r-oldrel-windows-ix86+x86_64 0.9.1.1 186.00 199.00 385.00 OK
r-oldrel-osx-x86_64 0.9.1.1 OK

Check Details

Version: 0.9.1.1
Check: compiled code
Result: NOTE
    File ‘FeatureHashing/libs/FeatureHashing.so’:
     Found no calls to: ‘R_registerRoutines’, ‘R_useDynamicSymbols’
    
    It is good practice to register native routines and to disable symbol
    search.
    
    See ‘Writing portable packages’ in the ‘Writing R Extensions’ manual.
Flavors: r-devel-linux-x86_64-debian-clang, r-devel-linux-x86_64-debian-gcc, r-devel-linux-x86_64-fedora-clang, r-devel-linux-x86_64-fedora-gcc, r-patched-linux-x86_64, r-release-linux-x86_64

Version: 0.9.1.1
Check: installed package size
Result: NOTE
     installed size is 5.4Mb
     sub-directories of 1Mb or more:
     libs 4.7Mb
Flavor: r-devel-linux-x86_64-fedora-gcc

Version: 0.9.1.1
Check: tests
Result: ERROR
     Running ‘test-as-dgCMatrix.R’ [3s/4s]
     Running ‘test-empty_array.R’ [4s/5s]
     Running ‘test-existence_collision.R’ [2s/4s]
     Running ‘test-hash.mapping.R’ [3s/4s]
     Running ‘test-hashing.R’ [3s/4s]
    Running the tests in ‘tests/test-hashing.R’ failed.
    Last 13 lines of output:
     + if (class(e)[1] != "std::invalid_argument") stop(e)
     + if (conditionMessage(e) != "Failed to find the column:PlAnT") stop(e)
     + })
     +
     + m <- hashed.model.matrix(~ Plant:Type:Treatment, CO2, create.mapping = TRUE, signed.hash = TRUE)
     + map <- hash.mapping(m)
     + map <- map[grepl("\\w+:\\w+:\\w+", names(map))]
     + checkTrue(all(hashed.interaction.value(names(map)) %% (2^18) + 1== map),
     + "The hashed.interaction.value gives inconsistent result of hashed.model.matrix")
     + }
     Loading required package: RUnit
     Error in .hashed.model.matrix.dataframe(tf, data, hash.size, transpose, :
     c++ exception (unknown reason)
     Calls: tryCatch -> tryCatchList -> tryCatchOne -> <Anonymous>
     Execution halted
Flavor: r-release-osx-x86_64