CRAN Package Check Results for Package FeatureHashing

Last updated on 2018-05-26 19:46:33 CEST.

Flavor Version Tinstall Tcheck Ttotal Status Flags
r-devel-linux-x86_64-debian-clang 0.9.1.3 65.75 121.27 187.02 OK
r-devel-linux-x86_64-debian-gcc 0.9.1.3 52.09 94.03 146.12 OK
r-devel-linux-x86_64-fedora-clang 0.9.1.3 244.40 OK
r-devel-linux-x86_64-fedora-gcc 0.9.1.3 230.31 NOTE
r-devel-windows-ix86+x86_64 0.9.1.3 135.00 191.00 326.00 OK
r-patched-linux-x86_64 0.9.1.3 68.69 100.76 169.45 OK
r-patched-solaris-x86 0.9.1.3 279.50 NOTE
r-release-linux-x86_64 0.9.1.3 66.53 101.19 167.72 OK
r-release-windows-ix86+x86_64 0.9.1.3 178.00 238.00 416.00 OK
r-release-osx-x86_64 0.9.1.3 ERROR
r-oldrel-windows-ix86+x86_64 0.9.1.3 182.00 161.00 343.00 OK
r-oldrel-osx-x86_64 0.9.1.3 ERROR

Check Details

Version: 0.9.1.3
Check: installed package size
Result: NOTE
     installed size is 5.4Mb
     sub-directories of 1Mb or more:
     libs 4.7Mb
Flavor: r-devel-linux-x86_64-fedora-gcc

Version: 0.9.1.3
Check: package dependencies
Result: NOTE
    Package suggested but not available for checking: ‘xgboost’
Flavor: r-patched-solaris-x86

Version: 0.9.1.3
Check: tests
Result: ERROR
     Running ‘test-as-dgCMatrix.R’ [3s/4s]
     Running ‘test-empty_array.R’ [3s/4s]
     Running ‘test-existence_collision.R’ [2s/4s]
     Running ‘test-hash.mapping.R’ [2s/4s]
     Running ‘test-hashing.R’ [3s/4s]
    Running the tests in ‘tests/test-hashing.R’ failed.
    Last 13 lines of output:
     + if (class(e)[1] != "std::invalid_argument") stop(e)
     + if (conditionMessage(e) != "Failed to find the column:PlAnT") stop(e)
     + })
     +
     + m <- hashed.model.matrix(~ Plant:Type:Treatment, CO2, create.mapping = TRUE, signed.hash = TRUE)
     + map <- hash.mapping(m)
     + map <- map[grepl("\\w+:\\w+:\\w+", names(map))]
     + checkTrue(all(hashed.interaction.value(names(map)) %% (2^18) + 1== map),
     + "The hashed.interaction.value gives inconsistent result of hashed.model.matrix")
     + }
     Loading required package: RUnit
     Error in .hashed.model.matrix.dataframe(tf, data, hash.size, transpose, :
     c++ exception (unknown reason)
     Calls: tryCatch -> tryCatchList -> tryCatchOne -> <Anonymous>
     Execution halted
Flavor: r-release-osx-x86_64

Version: 0.9.1.3
Check: tests
Result: ERROR
     Running ‘test-as-dgCMatrix.R’ [2s/2s]
     Running ‘test-empty_array.R’ [3s/3s]
     Running ‘test-existence_collision.R’ [2s/2s]
     Running ‘test-hash.mapping.R’ [2s/2s]
     Running ‘test-hashing.R’ [2s/2s]
    Running the tests in ‘tests/test-hashing.R’ failed.
    Last 13 lines of output:
     + if (class(e)[1] != "std::invalid_argument") stop(e)
     + if (conditionMessage(e) != "Failed to find the column:PlAnT") stop(e)
     + })
     +
     + m <- hashed.model.matrix(~ Plant:Type:Treatment, CO2, create.mapping = TRUE, signed.hash = TRUE)
     + map <- hash.mapping(m)
     + map <- map[grepl("\\w+:\\w+:\\w+", names(map))]
     + checkTrue(all(hashed.interaction.value(names(map)) %% (2^18) + 1== map),
     + "The hashed.interaction.value gives inconsistent result of hashed.model.matrix")
     + }
     Loading required package: RUnit
     Error in .hashed.model.matrix.dataframe(tf, data, hash.size, transpose, :
     c++ exception (unknown reason)
     Calls: tryCatch -> tryCatchList -> tryCatchOne -> <Anonymous>
     Execution halted
Flavor: r-oldrel-osx-x86_64