CRAN Package Check Results for Package FeatureHashing

Last updated on 2018-11-15 13:47:34 CET.

Flavor Version Tinstall Tcheck Ttotal Status Flags
r-devel-linux-x86_64-debian-clang 0.9.1.3 65.52 122.78 188.30 OK
r-devel-linux-x86_64-debian-gcc 0.9.1.3 57.76 102.94 160.70 OK
r-devel-linux-x86_64-fedora-clang 0.9.1.3 244.18 OK
r-devel-linux-x86_64-fedora-gcc 0.9.1.3 231.07 OK
r-devel-windows-ix86+x86_64 0.9.1.3 129.00 194.00 323.00 OK
r-patched-linux-x86_64 0.9.1.3 71.57 104.87 176.44 OK
r-patched-solaris-x86 0.9.1.3 284.40 OK
r-release-linux-x86_64 0.9.1.3 69.58 101.53 171.11 OK
r-release-windows-ix86+x86_64 0.9.1.3 181.00 230.00 411.00 OK
r-release-osx-x86_64 0.9.1.3 ERROR
r-oldrel-windows-ix86+x86_64 0.9.1.3 186.00 226.00 412.00 OK
r-oldrel-osx-x86_64 0.9.1.3 ERROR

Check Details

Version: 0.9.1.3
Check: tests
Result: ERROR
     Running ‘test-as-dgCMatrix.R’ [3s/4s]
     Running ‘test-empty_array.R’ [3s/4s]
     Running ‘test-existence_collision.R’ [2s/4s]
     Running ‘test-hash.mapping.R’ [2s/4s]
     Running ‘test-hashing.R’ [3s/4s]
    Running the tests in ‘tests/test-hashing.R’ failed.
    Last 13 lines of output:
     + if (class(e)[1] != "std::invalid_argument") stop(e)
     + if (conditionMessage(e) != "Failed to find the column:PlAnT") stop(e)
     + })
     +
     + m <- hashed.model.matrix(~ Plant:Type:Treatment, CO2, create.mapping = TRUE, signed.hash = TRUE)
     + map <- hash.mapping(m)
     + map <- map[grepl("\\w+:\\w+:\\w+", names(map))]
     + checkTrue(all(hashed.interaction.value(names(map)) %% (2^18) + 1== map),
     + "The hashed.interaction.value gives inconsistent result of hashed.model.matrix")
     + }
     Loading required package: RUnit
     Error in .hashed.model.matrix.dataframe(tf, data, hash.size, transpose, :
     c++ exception (unknown reason)
     Calls: tryCatch -> tryCatchList -> tryCatchOne -> <Anonymous>
     Execution halted
Flavor: r-release-osx-x86_64

Version: 0.9.1.3
Check: tests
Result: ERROR
     Running ‘test-as-dgCMatrix.R’ [2s/2s]
     Running ‘test-empty_array.R’ [3s/3s]
     Running ‘test-existence_collision.R’ [2s/2s]
     Running ‘test-hash.mapping.R’ [2s/2s]
     Running ‘test-hashing.R’ [2s/2s]
    Running the tests in ‘tests/test-hashing.R’ failed.
    Last 13 lines of output:
     + if (class(e)[1] != "std::invalid_argument") stop(e)
     + if (conditionMessage(e) != "Failed to find the column:PlAnT") stop(e)
     + })
     +
     + m <- hashed.model.matrix(~ Plant:Type:Treatment, CO2, create.mapping = TRUE, signed.hash = TRUE)
     + map <- hash.mapping(m)
     + map <- map[grepl("\\w+:\\w+:\\w+", names(map))]
     + checkTrue(all(hashed.interaction.value(names(map)) %% (2^18) + 1== map),
     + "The hashed.interaction.value gives inconsistent result of hashed.model.matrix")
     + }
     Loading required package: RUnit
     Error in .hashed.model.matrix.dataframe(tf, data, hash.size, transpose, :
     c++ exception (unknown reason)
     Calls: tryCatch -> tryCatchList -> tryCatchOne -> <Anonymous>
     Execution halted
Flavor: r-oldrel-osx-x86_64