CRAN Package Check Results for Package FedData

Last updated on 2019-02-15 20:46:48 CET.

Flavor Version Tinstall Tcheck Ttotal Status Flags
r-devel-linux-x86_64-debian-clang 2.5.6 9.61 105.54 115.15 OK
r-devel-linux-x86_64-debian-gcc 2.5.6 8.16 79.85 88.01 OK
r-devel-linux-x86_64-fedora-clang 2.5.6 138.09 NOTE
r-devel-linux-x86_64-fedora-gcc 2.5.6 128.93 NOTE
r-devel-windows-ix86+x86_64 2.5.6 23.00 179.00 202.00 OK
r-patched-linux-x86_64 2.5.6 7.99 97.52 105.51 OK
r-patched-solaris-x86 2.5.6 190.90 ERROR
r-release-linux-x86_64 2.5.6 9.95 98.49 108.44 OK
r-release-windows-ix86+x86_64 2.5.6 16.00 120.00 136.00 OK
r-release-osx-x86_64 2.5.6 NOTE
r-oldrel-windows-ix86+x86_64 2.5.6 26.00 148.00 174.00 OK
r-oldrel-osx-x86_64 2.5.6 NOTE

Check Details

Version: 2.5.6
Check: dependencies in R code
Result: NOTE
    Namespace in Imports field not imported from: ‘jsonlite’
     All declared Imports should be used.
Flavors: r-devel-linux-x86_64-fedora-clang, r-devel-linux-x86_64-fedora-gcc, r-patched-solaris-x86, r-release-osx-x86_64, r-oldrel-osx-x86_64

Version: 2.5.6
Check: tests
Result: ERROR
     Running ‘testthat.R’ [8s/108s]
    Running the tests in ‘tests/testthat.R’ failed.
    Complete output:
     > library(testthat)
     > library(FedData)
     Loading required package: sp
     >
     > test_check("FedData")
     ── 1. Error: The SSURGO inventory dataset is available at the correct URL (@test
     Timeout was reached: Operation timed out after 10338 milliseconds with 0 out of 0 bytes received
     1: expect_false(suppressWarnings(httr::http_error(url))) at testthat/test.SSURGO.R:7
     2: quasi_label(enquo(object), label)
     3: eval_bare(get_expr(quo), get_env(quo))
     4: suppressWarnings(httr::http_error(url))
     5: withCallingHandlers(expr, warning = function(w) invokeRestart("muffleWarning"))
     6: httr::http_error(url)
     7: http_error.character(url)
     8: http_error(HEAD(x, ...))
     9: HEAD(x, ...)
     10: request_perform(req, hu$handle$handle)
     11: request_fetch(req$output, req$url, handle)
     12: request_fetch.write_memory(req$output, req$url, handle)
     13: curl::curl_fetch_memory(url, handle = handle)
    
     ── 2. Failure: The SSURGO datasets are available at the correct URL (@test.SSURG
     `suppressWarnings(curl::curl(url) %>% readLines(n = 1))` threw an error.
     Message: Timeout was reached: Operation timed out after 10000 milliseconds with 0 out of 0 bytes received
     Class: simpleError/error/condition
    
     ══ testthat results ═══════════════════════════════════════════════════════════
     OK: 23 SKIPPED: 1 FAILED: 2
     1. Error: The SSURGO inventory dataset is available at the correct URL (@test.SSURGO.R#7)
     2. Failure: The SSURGO datasets are available at the correct URL (@test.SSURGO.R#31)
    
     Error: testthat unit tests failed
     Execution halted
Flavor: r-patched-solaris-x86