CRAN Package Check Results for Package FedData

Last updated on 2018-11-15 06:47:21 CET.

Flavor Version Tinstall Tcheck Ttotal Status Flags
r-devel-linux-x86_64-debian-clang 2.5.5 9.91 116.25 126.16 OK
r-devel-linux-x86_64-debian-gcc 2.5.5 7.89 91.95 99.84 OK
r-devel-linux-x86_64-fedora-clang 2.5.5 144.02 OK
r-devel-linux-x86_64-fedora-gcc 2.5.5 141.22 OK
r-devel-windows-ix86+x86_64 2.5.5 16.00 136.00 152.00 OK
r-patched-linux-x86_64 2.5.5 9.78 94.55 104.33 OK
r-patched-solaris-x86 2.5.5 179.70 ERROR
r-release-linux-x86_64 2.5.5 9.55 95.81 105.36 OK
r-release-windows-ix86+x86_64 2.5.5 20.00 220.00 240.00 ERROR
r-release-osx-x86_64 2.5.5 OK
r-oldrel-windows-ix86+x86_64 2.5.5 20.00 161.00 181.00 OK
r-oldrel-osx-x86_64 2.5.5 OK

Check Details

Version: 2.5.5
Check: tests
Result: ERROR
     Running ‘testthat.R’ [12s/109s]
    Running the tests in ‘tests/testthat.R’ failed.
    Complete output:
     > library(testthat)
     > library(FedData)
     Loading required package: sp
     >
     > test_check("FedData")
     ── 1. Error: The SSURGO inventory dataset is available at the correct URL (@test
     Timeout was reached: Operation timed out after 10336 milliseconds with 0 out of 0 bytes received
     1: expect_false(suppressWarnings(httr::http_error(url))) at testthat/test.SSURGO.R:8
     2: quasi_label(enquo(object), label)
     3: eval_bare(get_expr(quo), get_env(quo))
     4: suppressWarnings(httr::http_error(url))
     5: withCallingHandlers(expr, warning = function(w) invokeRestart("muffleWarning"))
     6: httr::http_error(url)
     7: http_error.character(url)
     8: http_error(HEAD(x, ...))
     9: HEAD(x, ...)
     10: request_perform(req, hu$handle$handle)
     11: request_fetch(req$output, req$url, handle)
     12: request_fetch.write_memory(req$output, req$url, handle)
     13: curl::curl_fetch_memory(url, handle = handle)
    
     ── 2. Error: The SoilDB data queries work (@test.SSURGO.R#17) ─────────────────
     Timeout was reached: Operation timed out after 10008 milliseconds with 0 out of 0 bytes received
     1: expect_is(soilDB::SDA_query(q), "data.frame") at testthat/test.SSURGO.R:17
     2: quasi_label(enquo(object), label)
     3: eval_bare(get_expr(quo), get_env(quo))
     4: soilDB::SDA_query(q)
     5: httr::POST(url = "https://sdmdataaccess.sc.egov.usda.gov/tabular/post.rest", body = httr::upload_file(tf))
     6: request_perform(req, hu$handle$handle)
     7: request_fetch(req$output, req$url, handle)
     8: request_fetch.write_memory(req$output, req$url, handle)
     9: curl::curl_fetch_memory(url, handle = handle)
    
     ── 3. Failure: The SSURGO datasets are available at the correct URL (@test.SSURG
     `suppressWarnings(curl::curl(url) %>% readLines(n = 1))` threw an error.
     Message: Timeout was reached: Operation timed out after 10001 milliseconds with 0 out of 0 bytes received
     Class: simpleError/error/condition
    
     ══ testthat results ═══════════════════════════════════════════════════════════
     OK: 22 SKIPPED: 1 FAILED: 3
     1. Error: The SSURGO inventory dataset is available at the correct URL (@test.SSURGO.R#8)
     2. Error: The SoilDB data queries work (@test.SSURGO.R#17)
     3. Failure: The SSURGO datasets are available at the correct URL (@test.SSURGO.R#32)
    
     Error: testthat unit tests failed
     Execution halted
Flavor: r-patched-solaris-x86

Version: 2.5.5
Check: tests
Result: ERROR
     Running 'testthat.R' [95s]
    Running the tests in 'tests/testthat.R' failed.
    Complete output:
     > library(testthat)
     > library(FedData)
     Loading required package: sp
     >
     > test_check("FedData")
     -- 1. Error: The SSURGO inventory dataset is available at the correct URL (@test
     Timeout was reached: Operation timed out after 10702 milliseconds with 0 out of 0 bytes received
     1: expect_false(suppressWarnings(httr::http_error(url))) at testthat/test.SSURGO.R:8
     2: quasi_label(enquo(object), label)
     3: eval_bare(get_expr(quo), get_env(quo))
     4: suppressWarnings(httr::http_error(url))
     5: withCallingHandlers(expr, warning = function(w) invokeRestart("muffleWarning"))
     6: httr::http_error(url)
     7: http_error.character(url)
     8: http_error(HEAD(x, ...))
     9: HEAD(x, ...)
     10: request_perform(req, hu$handle$handle)
     11: request_fetch(req$output, req$url, handle)
     12: request_fetch.write_memory(req$output, req$url, handle)
     13: curl::curl_fetch_memory(url, handle = handle)
    
     -- 2. Error: The SoilDB data queries work (@test.SSURGO.R#17) -----------------
     Timeout was reached: Connection timed out after 10016 milliseconds
     1: expect_is(soilDB::SDA_query(q), "data.frame") at testthat/test.SSURGO.R:17
     2: quasi_label(enquo(object), label)
     3: eval_bare(get_expr(quo), get_env(quo))
     4: soilDB::SDA_query(q)
     5: httr::POST(url = "https://sdmdataaccess.sc.egov.usda.gov/tabular/post.rest", body = httr::upload_file(tf))
     6: request_perform(req, hu$handle$handle)
     7: request_fetch(req$output, req$url, handle)
     8: request_fetch.write_memory(req$output, req$url, handle)
     9: curl::curl_fetch_memory(url, handle = handle)
    
     -- 3. Failure: The SSURGO datasets are available at the correct URL (@test.SSURG
     `suppressWarnings(curl::curl(url) %>% readLines(n = 1))` threw an error.
     Message: Timeout was reached: Operation timed out after 10000 milliseconds with 0 out of 0 bytes received
     Class: simpleError/error/condition
    
     == testthat results ===========================================================
     OK: 21 SKIPPED: 1 FAILED: 3
     1. Error: The SSURGO inventory dataset is available at the correct URL (@test.SSURGO.R#8)
     2. Error: The SoilDB data queries work (@test.SSURGO.R#17)
     3. Failure: The SSURGO datasets are available at the correct URL (@test.SSURGO.R#32)
    
     Error: testthat unit tests failed
     Execution halted
Flavor: r-release-windows-ix86+x86_64