CRAN Package Check Results for Package FedData

Last updated on 2018-08-21 06:50:05 CEST.

Flavor Version Tinstall Tcheck Ttotal Status Flags
r-devel-linux-x86_64-debian-clang 2.5.5 8.11 103.59 111.70 OK
r-devel-linux-x86_64-debian-gcc 2.5.5 8.16 81.45 89.61 OK
r-devel-linux-x86_64-fedora-clang 2.5.5 129.25 OK
r-devel-linux-x86_64-fedora-gcc 2.5.5 123.51 OK
r-devel-windows-ix86+x86_64 2.5.5 20.00 157.00 177.00 OK
r-patched-linux-x86_64 2.5.5 6.90 83.83 90.73 OK
r-patched-solaris-x86 2.5.5 163.20 ERROR
r-release-linux-x86_64 2.5.5 8.05 85.72 93.77 OK
r-release-windows-ix86+x86_64 2.5.5 19.00 156.00 175.00 OK
r-release-osx-x86_64 2.5.5 OK
r-oldrel-windows-ix86+x86_64 2.5.5 12.00 122.00 134.00 OK
r-oldrel-osx-x86_64 2.5.5 OK

Check Details

Version: 2.5.5
Check: tests
Result: ERROR
     Running ‘testthat.R’ [11s/109s]
    Running the tests in ‘tests/testthat.R’ failed.
    Complete output:
     > library(testthat)
     > library(FedData)
     Loading required package: sp
     >
     > test_check("FedData")
     ── 1. Error: The GHCN inventory is available at the correct URL (@test.GHCN.R#6)
     Timeout was reached: Resolving timed out after 10000 milliseconds
     1: expect_false(suppressWarnings(httr::http_error("ftp://ftp.ncdc.noaa.gov/pub/data/ghcn/daily/ghcnd-inventory.txt"))) at testthat/test.GHCN.R:6
     2: quasi_label(enquo(object), label)
     3: eval_bare(get_expr(quo), get_env(quo))
     4: suppressWarnings(httr::http_error("ftp://ftp.ncdc.noaa.gov/pub/data/ghcn/daily/ghcnd-inventory.txt"))
     5: withCallingHandlers(expr, warning = function(w) invokeRestart("muffleWarning"))
     6: httr::http_error("ftp://ftp.ncdc.noaa.gov/pub/data/ghcn/daily/ghcnd-inventory.txt")
     7: http_error.character("ftp://ftp.ncdc.noaa.gov/pub/data/ghcn/daily/ghcnd-inventory.txt")
     8: http_error(HEAD(x, ...))
     9: HEAD(x, ...)
     10: request_perform(req, hu$handle$handle)
     11: request_fetch(req$output, req$url, handle)
     12: request_fetch.write_memory(req$output, req$url, handle)
     13: curl::curl_fetch_memory(url, handle = handle)
    
     ── 2. Error: The SSURGO inventory dataset is available at the correct URL (@test
     Timeout was reached: Operation timed out after 10339 milliseconds with 0 out of 0 bytes received
     1: expect_false(suppressWarnings(httr::http_error(url))) at testthat/test.SSURGO.R:8
     2: quasi_label(enquo(object), label)
     3: eval_bare(get_expr(quo), get_env(quo))
     4: suppressWarnings(httr::http_error(url))
     5: withCallingHandlers(expr, warning = function(w) invokeRestart("muffleWarning"))
     6: httr::http_error(url)
     7: http_error.character(url)
     8: http_error(HEAD(x, ...))
     9: HEAD(x, ...)
     10: request_perform(req, hu$handle$handle)
     11: request_fetch(req$output, req$url, handle)
     12: request_fetch.write_memory(req$output, req$url, handle)
     13: curl::curl_fetch_memory(url, handle = handle)
    
     ── 3. Failure: The SSURGO datasets are available at the correct URL (@test.SSURG
     `suppressWarnings(curl::curl(url) %>% readLines(n = 1))` threw an error.
     Message: Timeout was reached: Operation timed out after 10000 milliseconds with 0 out of 0 bytes received
     Class: simpleError/error/condition
    
     ══ testthat results ═══════════════════════════════════════════════════════════
     OK: 22 SKIPPED: 1 FAILED: 3
     1. Error: The GHCN inventory is available at the correct URL (@test.GHCN.R#6)
     2. Error: The SSURGO inventory dataset is available at the correct URL (@test.SSURGO.R#8)
     3. Failure: The SSURGO datasets are available at the correct URL (@test.SSURGO.R#32)
    
     Error: testthat unit tests failed
     Execution halted
Flavor: r-patched-solaris-x86