CRAN Package Check Results for Package FedData

Last updated on 2018-05-22 11:47:26 CEST.

Flavor Version Tinstall Tcheck Ttotal Status Flags
r-devel-linux-x86_64-debian-clang 2.5.2 7.70 89.18 96.88 OK
r-devel-linux-x86_64-debian-gcc 2.5.3 7.94 77.01 84.95 OK
r-devel-linux-x86_64-fedora-clang 2.5.3 95.04 NOTE
r-devel-linux-x86_64-fedora-gcc 2.5.3 88.90 NOTE
r-devel-windows-ix86+x86_64 2.5.2 17.00 131.00 148.00 OK
r-patched-linux-x86_64 2.5.2 9.00 83.88 92.88 OK
r-patched-solaris-x86 2.5.3 161.10 ERROR
r-release-linux-x86_64 2.5.2 6.92 82.53 89.45 OK
r-release-windows-ix86+x86_64 2.5.2 13.00 112.00 125.00 OK
r-release-osx-x86_64 2.5.2 ERROR
r-oldrel-windows-ix86+x86_64 2.5.2 17.00 147.00 164.00 OK
r-oldrel-osx-x86_64 2.5.2 OK

Check Details

Version: 2.5.3
Check: dependencies in R code
Result: NOTE
    Namespace in Imports field not imported from: ‘httr’
     All declared Imports should be used.
Flavors: r-devel-linux-x86_64-fedora-clang, r-devel-linux-x86_64-fedora-gcc, r-patched-solaris-x86

Version: 2.5.3
Check: tests
Result: ERROR
     Running ‘testthat.R’ [9s/115s]
    Running the tests in ‘tests/testthat.R’ failed.
    Complete output:
     > library(testthat)
     > library(FedData)
     Loading required package: sp
     >
     > test_check("FedData")
     ── 1. Error: The SSURGO inventory dataset is available at the correct URL (@test
     Timeout was reached: Operation timed out after 10041 milliseconds with 0 out of 0 bytes received
     1: expect_false(suppressWarnings(httr::http_error(url))) at testthat/test.SSURGO.R:8
     2: quasi_label(enquo(object), label)
     3: eval_bare(get_expr(quo), get_env(quo))
     4: suppressWarnings(httr::http_error(url))
     5: withCallingHandlers(expr, warning = function(w) invokeRestart("muffleWarning"))
     6: httr::http_error(url)
     7: http_error.character(url)
     8: http_error(HEAD(x, ...))
     9: HEAD(x, ...)
     10: request_perform(req, hu$handle$handle)
     11: request_fetch(req$output, req$url, handle)
     12: request_fetch.write_memory(req$output, req$url, handle)
     13: curl::curl_fetch_memory(url, handle = handle)
    
     ══ testthat results ═══════════════════════════════════════════════════════════
     OK: 23 SKIPPED: 0 FAILED: 1
     1. Error: The SSURGO inventory dataset is available at the correct URL (@test.SSURGO.R#8)
    
     Error: testthat unit tests failed
     In addition: Warning message:
     closing unused connection 4 (ftp://ftp.ncdc.noaa.gov/pub/data/paleo/treering/chronologies/)
     Execution halted
Flavor: r-patched-solaris-x86

Version: 2.5.2
Check: tests
Result: ERROR
     Running ‘testthat.R’ [10s/57s]
    Running the tests in ‘tests/testthat.R’ failed.
    Last 13 lines of output:
     Invalid query: Cannot open database "SDM" requested by the login. The login failed.
     Login failed for user 'sdawebsql'.
     1: soilDB::SDA_query(q) at testthat/test.SSURGO.R:28
     2: stop(error.msg)
    
     ══ testthat results ═══════════════════════════════════════════════════════════
     OK: 23 SKIPPED: 0 FAILED: 2
     1. Error: The SoilDB data queries work (@test.SSURGO.R#17)
     2. Error: The SSURGO datasets are available at the correct URL (@test.SSURGO.R#28)
    
     Error: testthat unit tests failed
     In addition: Warning message:
     In cntns[[class]] <- subs[[i]] :
     closing unused connection 4 (ftp://ftp.ncdc.noaa.gov/pub/data/paleo/treering/chronologies/)
     Execution halted
Flavor: r-release-osx-x86_64