CRAN Package Check Results for Package Fgmutils

Last updated on 2019-02-16 12:02:24 CET.

Flavor Version Tinstall Tcheck Ttotal Status Flags
r-devel-linux-x86_64-debian-clang 0.9.5 7.67 66.54 74.21 OK
r-devel-linux-x86_64-debian-gcc 0.9.5 5.55 51.73 57.28 OK
r-devel-linux-x86_64-fedora-clang 0.9.5 89.01 OK
r-devel-linux-x86_64-fedora-gcc 0.9.5 83.98 OK
r-devel-windows-ix86+x86_64 0.9.5 16.00 125.00 141.00 WARN
r-patched-linux-x86_64 0.9.5 6.57 59.32 65.89 OK
r-patched-solaris-x86 0.9.5 124.70 OK
r-release-linux-x86_64 0.9.5 5.31 59.28 64.59 OK
r-release-windows-ix86+x86_64 0.9.5 13.00 109.00 122.00 OK
r-release-osx-x86_64 0.9.5 OK
r-oldrel-windows-ix86+x86_64 0.9.5 21.00 90.00 111.00 WARN
r-oldrel-osx-x86_64 0.9.5 OK

Check Details

Version: 0.9.5
Check: whether package can be installed
Result: WARN
    Found the following significant warnings:
     Warning: S3 methods '[.fun_list', '[.grouped_df', 'all.equal.tbl_df', 'anti_join.data.frame', 'anti_join.tbl_df', 'arrange.data.frame', 'arrange.default', 'arrange.grouped_df', 'arrange.tbl_df', 'arrange_.data.frame', 'arrange_.tbl_df', 'as.data.frame.grouped_df', 'as.data.frame.rowwise_df', 'as.data.frame.tbl_cube', 'as.table.tbl_cube', 'as.tbl.data.frame', 'as.tbl.tbl', 'as.tbl_cube.array', 'as.tbl_cube.data.frame', 'as.tbl_cube.matrix', 'as.tbl_cube.table', 'as_tibble.grouped_df', 'as_tibble.tbl_cube', 'auto_copy.tbl_cube', 'auto_copy.tbl_df', 'cbind.grouped_df', 'collapse.data.frame', 'collect.data.frame', 'common_by.NULL', 'common_by.character', 'common_by.default', 'common_by.list', 'compute.data.frame', 'copy_to.DBIConnection', 'copy_to.src_local', 'default_missing.data.frame', 'default_missing.default', 'dim.tbl_cube', 'distinct.data.frame', 'distinct.default', 'distinct.grouped_df', 'distinct.tbl_df', 'distinct_.data.frame', 'distinct_.grouped_df', 'distinct_.tbl_df', 'do.NULL', 'do.da [... truncated]
Flavors: r-devel-windows-ix86+x86_64, r-oldrel-windows-ix86+x86_64