CRAN Package Check Results for Package FindIt

Last updated on 2018-10-16 10:51:10 CEST.

Flavor Version Tinstall Tcheck Ttotal Status Flags
r-devel-linux-x86_64-debian-clang 1.1.4 19.98 127.77 147.75 OK
r-devel-linux-x86_64-debian-gcc 1.1.4 16.89 98.26 115.15 OK
r-devel-linux-x86_64-fedora-clang 1.1.4 170.28 OK
r-devel-linux-x86_64-fedora-gcc 1.1.4 168.89 OK
r-devel-windows-ix86+x86_64 1.1.4 57.00 225.00 282.00 OK
r-patched-linux-x86_64 1.1.4 17.10 106.62 123.72 OK
r-patched-solaris-x86 1.1.4 212.70 OK
r-release-linux-x86_64 1.1.4 16.48 104.86 121.34 OK
r-release-windows-ix86+x86_64 1.1.4 52.00 197.00 249.00 OK
r-release-osx-x86_64 1.1.4 OK
r-oldrel-windows-ix86+x86_64 1.1.4 36.00 214.00 250.00 WARN
r-oldrel-osx-x86_64 1.1.4 OK

Check Details

Version: 1.1.4
Check: whether package can be installed
Result: WARN
    Found the following significant warnings:
     Warning: S3 methods '[.fun_list', '[.grouped_df', 'all.equal.tbl_df', 'anti_join.data.frame', 'anti_join.tbl_df', 'arrange.data.frame', 'arrange.default', 'arrange.grouped_df', 'arrange.tbl_df', 'arrange_.data.frame', 'arrange_.tbl_df', 'as.data.frame.grouped_df', 'as.data.frame.rowwise_df', 'as.data.frame.tbl_cube', 'as.data.frame.tbl_df', 'as.table.tbl_cube', 'as.tbl.data.frame', 'as.tbl.tbl', 'as.tbl_cube.array', 'as.tbl_cube.data.frame', 'as.tbl_cube.matrix', 'as.tbl_cube.table', 'as_data_frame.grouped_df', 'as_data_frame.tbl_cube', 'auto_copy.tbl_cube', 'auto_copy.tbl_df', 'cbind.grouped_df', 'collapse.data.frame', 'collect.data.frame', 'common_by.NULL', 'common_by.character', 'common_by.default', 'common_by.list', 'compute.data.frame', 'copy_to.DBIConnection', 'copy_to.src_local', 'default_missing.data.frame', 'default_missing.default', 'dim.tbl_cube', 'distinct.data.frame', 'distinct.default', 'distinct.grouped_df', 'distinct.tbl_df', 'distinct_.data.frame', 'distinct_.grouped_df', 'dist [... truncated]
Flavor: r-oldrel-windows-ix86+x86_64