CRAN Package Check Results for Package FisHiCal

Last updated on 2018-02-18 22:47:33 CET.

Flavor Version Tinstall Tcheck Ttotal Status Flags
r-devel-linux-x86_64-debian-clang 1.1 15.60 27.75 43.35 NOTE
r-devel-linux-x86_64-debian-gcc 1.1 15.01 22.18 37.19 NOTE
r-devel-linux-x86_64-fedora-clang 1.1 59.74 NOTE
r-devel-linux-x86_64-fedora-gcc 1.1 56.66 NOTE
r-devel-windows-ix86+x86_64 1.1 34.00 57.00 91.00 NOTE
r-patched-linux-x86_64 1.1 18.39 27.95 46.34 NOTE
r-patched-solaris-x86 1.1 69.80 NOTE
r-release-linux-x86_64 1.1 18.68 28.87 47.55 NOTE
r-release-windows-ix86+x86_64 1.1 50.00 76.00 126.00 NOTE
r-release-osx-x86_64 1.1 NOTE
r-oldrel-windows-ix86+x86_64 1.1 35.00 66.00 101.00 NOTE
r-oldrel-osx-x86_64 1.1 NOTE

Check Details

Version: 1.1
Check: R code for possible problems
Result: NOTE
    lsmacof: no visible global function definition for ‘cmdscale’
    plotInc: no visible global function definition for ‘rainbow’
    plotInc: no visible global function definition for ‘plot’
    prepareCalib: no visible global function definition for ‘lm’
    Undefined global functions or variables:
     cmdscale lm plot rainbow
    Consider adding
     importFrom("grDevices", "rainbow")
     importFrom("graphics", "plot")
     importFrom("stats", "cmdscale", "lm")
    to your NAMESPACE file.
Flavors: r-devel-linux-x86_64-debian-clang, r-devel-linux-x86_64-debian-gcc, r-devel-linux-x86_64-fedora-clang, r-devel-linux-x86_64-fedora-gcc, r-devel-windows-ix86+x86_64, r-patched-linux-x86_64, r-patched-solaris-x86, r-release-linux-x86_64, r-release-windows-ix86+x86_64, r-release-osx-x86_64, r-oldrel-windows-ix86+x86_64, r-oldrel-osx-x86_64

Version: 1.1
Check: compiled code
Result: NOTE
    File ‘FisHiCal/libs/FisHiCal.so’:
     Found no calls to: ‘R_registerRoutines’, ‘R_useDynamicSymbols’
    
    It is good practice to register native routines and to disable symbol
    search.
    
    See ‘Writing portable packages’ in the ‘Writing R Extensions’ manual.
Flavors: r-devel-linux-x86_64-debian-clang, r-devel-linux-x86_64-debian-gcc, r-devel-linux-x86_64-fedora-clang, r-devel-linux-x86_64-fedora-gcc, r-patched-linux-x86_64, r-release-linux-x86_64