CRAN Package Check Results for Package FisHiCal

Last updated on 2018-11-14 20:46:53 CET.

Flavor Version Tinstall Tcheck Ttotal Status Flags
r-devel-linux-x86_64-debian-clang 1.1 20.04 31.21 51.25 NOTE
r-devel-linux-x86_64-debian-gcc 1.1 19.19 25.40 44.59 NOTE
r-devel-linux-x86_64-fedora-clang 1.1 68.22 NOTE
r-devel-linux-x86_64-fedora-gcc 1.1 66.08 NOTE
r-devel-windows-ix86+x86_64 1.1 40.00 58.00 98.00 NOTE
r-patched-linux-x86_64 1.1 23.46 27.73 51.19 NOTE
r-patched-solaris-x86 1.1 80.00 NOTE
r-release-linux-x86_64 1.1 26.20 27.71 53.91 NOTE
r-release-windows-ix86+x86_64 1.1 53.00 80.00 133.00 NOTE
r-release-osx-x86_64 1.1 NOTE
r-oldrel-windows-ix86+x86_64 1.1 50.00 76.00 126.00 NOTE
r-oldrel-osx-x86_64 1.1 NOTE

Check Details

Version: 1.1
Check: R code for possible problems
Result: NOTE
    lsmacof: no visible global function definition for ‘cmdscale’
    plotInc: no visible global function definition for ‘rainbow’
    plotInc: no visible global function definition for ‘plot’
    prepareCalib: no visible global function definition for ‘lm’
    Undefined global functions or variables:
     cmdscale lm plot rainbow
    Consider adding
     importFrom("grDevices", "rainbow")
     importFrom("graphics", "plot")
     importFrom("stats", "cmdscale", "lm")
    to your NAMESPACE file.
Flavors: r-devel-linux-x86_64-debian-clang, r-devel-linux-x86_64-debian-gcc, r-devel-linux-x86_64-fedora-clang, r-devel-linux-x86_64-fedora-gcc, r-devel-windows-ix86+x86_64, r-patched-linux-x86_64, r-patched-solaris-x86, r-release-linux-x86_64, r-release-windows-ix86+x86_64, r-release-osx-x86_64, r-oldrel-windows-ix86+x86_64, r-oldrel-osx-x86_64

Version: 1.1
Check: compiled code
Result: NOTE
    File ‘FisHiCal/libs/FisHiCal.so’:
     Found no calls to: ‘R_registerRoutines’, ‘R_useDynamicSymbols’
    
    It is good practice to register native routines and to disable symbol
    search.
    
    See ‘Writing portable packages’ in the ‘Writing R Extensions’ manual.
Flavors: r-devel-linux-x86_64-fedora-clang, r-devel-linux-x86_64-fedora-gcc