CRAN Package Check Results for Package FisHiCal

Last updated on 2019-02-19 22:51:27 CET.

Flavor Version Tinstall Tcheck Ttotal Status Flags
r-devel-linux-x86_64-debian-clang 1.1 20.00 31.47 51.47 NOTE
r-devel-linux-x86_64-debian-gcc 1.1 17.80 24.83 42.63 NOTE
r-devel-linux-x86_64-fedora-clang 1.1 70.52 NOTE
r-devel-linux-x86_64-fedora-gcc 1.1 66.24 NOTE
r-devel-windows-ix86+x86_64 1.1 56.00 83.00 139.00 NOTE
r-patched-linux-x86_64 1.1 22.97 27.97 50.94 NOTE
r-patched-solaris-x86 1.1 73.60 NOTE
r-release-linux-x86_64 1.1 21.26 28.32 49.58 NOTE
r-release-windows-ix86+x86_64 1.1 35.00 89.00 124.00 NOTE
r-release-osx-x86_64 1.1 NOTE
r-oldrel-windows-ix86+x86_64 1.1 46.00 84.00 130.00 NOTE
r-oldrel-osx-x86_64 1.1 NOTE

Check Details

Version: 1.1
Check: R code for possible problems
Result: NOTE
    lsmacof: no visible global function definition for ‘cmdscale’
    plotInc: no visible global function definition for ‘rainbow’
    plotInc: no visible global function definition for ‘plot’
    prepareCalib: no visible global function definition for ‘lm’
    Undefined global functions or variables:
     cmdscale lm plot rainbow
    Consider adding
     importFrom("grDevices", "rainbow")
     importFrom("graphics", "plot")
     importFrom("stats", "cmdscale", "lm")
    to your NAMESPACE file.
Flavors: r-devel-linux-x86_64-debian-clang, r-devel-linux-x86_64-debian-gcc, r-devel-linux-x86_64-fedora-clang, r-devel-linux-x86_64-fedora-gcc, r-devel-windows-ix86+x86_64, r-patched-linux-x86_64, r-patched-solaris-x86, r-release-linux-x86_64, r-release-windows-ix86+x86_64, r-release-osx-x86_64, r-oldrel-windows-ix86+x86_64, r-oldrel-osx-x86_64

Version: 1.1
Check: compiled code
Result: NOTE
    File ‘FisHiCal/libs/FisHiCal.so’:
     Found no calls to: ‘R_registerRoutines’, ‘R_useDynamicSymbols’
    
    It is good practice to register native routines and to disable symbol
    search.
    
    See ‘Writing portable packages’ in the ‘Writing R Extensions’ manual.
Flavors: r-devel-linux-x86_64-fedora-clang, r-devel-linux-x86_64-fedora-gcc