Last updated on 2022-05-23 03:56:56 CEST.
Flavor | Version | Tinstall | Tcheck | Ttotal | Status | Flags |
---|---|---|---|---|---|---|
r-devel-linux-x86_64-debian-clang | 1.1.1 | 223.28 | 101.94 | 325.22 | OK | |
r-devel-linux-x86_64-debian-gcc | 1.1.1 | 195.15 | 78.37 | 273.52 | OK | |
r-devel-linux-x86_64-fedora-clang | 1.1.1 | 470.02 | NOTE | |||
r-devel-linux-x86_64-fedora-gcc | 1.1.1 | 484.03 | OK | |||
r-devel-windows-x86_64 | 1.1.1 | 209.00 | 160.00 | 369.00 | NOTE | |
r-patched-linux-x86_64 | 1.1.1 | 222.68 | 101.94 | 324.62 | OK | |
r-release-linux-x86_64 | 1.1.1 | 202.29 | 102.20 | 304.49 | OK | |
r-release-macos-arm64 | 1.1.1 | 109.00 | NOTE | |||
r-release-macos-x86_64 | 1.1.1 | 132.00 | NOTE | |||
r-release-windows-x86_64 | 1.1.1 | 205.00 | 160.00 | 365.00 | NOTE | |
r-oldrel-macos-arm64 | 1.1.1 | 97.00 | NOTE | |||
r-oldrel-macos-x86_64 | 1.1.1 | 134.00 | NOTE | |||
r-oldrel-windows-ix86+x86_64 | 1.1.1 | 574.00 | 177.00 | 751.00 | NOTE |
Version: 1.1.1
Check: installed package size
Result: NOTE
installed size is 24.3Mb
sub-directories of 1Mb or more:
lib 8.7Mb
libs 15.2Mb
Flavors: r-devel-linux-x86_64-fedora-clang, r-devel-windows-x86_64, r-release-macos-arm64, r-release-macos-x86_64, r-release-windows-x86_64, r-oldrel-macos-arm64, r-oldrel-macos-x86_64, r-oldrel-windows-ix86+x86_64