CRAN Package Check Results for Package FishPhyloMaker

Last updated on 2024-02-26 18:50:00 CET.

Flavor Version Tinstall Tcheck Ttotal Status Flags
r-devel-linux-x86_64-debian-clang 0.2.0 4.60 42.68 47.28 OK
r-devel-linux-x86_64-debian-gcc 0.2.0 3.49 32.84 36.33 OK
r-devel-linux-x86_64-fedora-clang 0.2.0 61.93 NOTE
r-devel-linux-x86_64-fedora-gcc 0.2.0 66.81 NOTE
r-devel-windows-x86_64 0.2.0 5.00 59.00 64.00 OK
r-patched-linux-x86_64 0.2.0 2.86 41.41 44.27 OK
r-release-linux-x86_64 0.2.0 2.75 41.68 44.43 OK
r-release-macos-arm64 0.2.0 31.00 OK
r-release-macos-x86_64 0.2.0 40.00 OK
r-release-windows-x86_64 0.2.0 7.00 62.00 69.00 OK
r-oldrel-macos-arm64 0.2.0 21.00 NOTE
r-oldrel-windows-x86_64 0.2.0 6.00 58.00 64.00 OK

Check Details

Version: 0.2.0
Check: dependencies in R code
Result: NOTE Namespaces in Imports field not imported from: ‘knitr’ ‘rmarkdown’ ‘utils’ All declared Imports should be used. Flavors: r-devel-linux-x86_64-fedora-clang, r-devel-linux-x86_64-fedora-gcc, r-oldrel-macos-arm64