CRAN Package Check Results for Package FishPhyloMaker

Last updated on 2024-07-20 02:48:58 CEST.

Flavor Version Tinstall Tcheck Ttotal Status Flags
r-devel-linux-x86_64-debian-clang 0.2.0 4.97 46.50 51.47 OK
r-devel-linux-x86_64-debian-gcc 0.2.0 3.12 34.66 37.78 OK
r-devel-linux-x86_64-fedora-clang 0.2.0 68.11 NOTE
r-devel-linux-x86_64-fedora-gcc 0.2.0 71.11 NOTE
r-devel-windows-x86_64 0.2.0 5.00 61.00 66.00 OK
r-patched-linux-x86_64 0.2.0 4.60 43.47 48.07 OK
r-release-linux-x86_64 0.2.0 2.96 43.19 46.15 OK
r-release-macos-arm64 0.2.0 28.00 OK
r-release-macos-x86_64 0.2.0 46.00 OK
r-release-windows-x86_64 0.2.0 4.00 61.00 65.00 OK
r-oldrel-macos-arm64 0.2.0 31.00 OK
r-oldrel-macos-x86_64 0.2.0 40.00 OK
r-oldrel-windows-x86_64 0.2.0 6.00 64.00 70.00 OK

Check Details

Version: 0.2.0
Check: dependencies in R code
Result: NOTE Namespaces in Imports field not imported from: ‘knitr’ ‘rmarkdown’ ‘utils’ All declared Imports should be used. Flavors: r-devel-linux-x86_64-fedora-clang, r-devel-linux-x86_64-fedora-gcc