CRAN Package Check Results for Package FlowScreen

Last updated on 2022-01-17 00:48:35 CET.

Flavor Version Tinstall Tcheck Ttotal Status Flags
r-devel-linux-x86_64-debian-clang 1.2.6 5.23 66.24 71.47 OK
r-devel-linux-x86_64-debian-gcc 1.2.6 5.08 53.76 58.84 OK
r-devel-linux-x86_64-fedora-clang 1.2.6 88.49 NOTE
r-devel-linux-x86_64-fedora-gcc 1.2.6 74.68 OK
r-devel-windows-x86_64-new-UL 1.2.6 92.00 92.00 184.00 OK
r-devel-windows-x86_64-new-TK 1.2.6 OK
r-patched-linux-x86_64 1.2.6 6.17 63.53 69.70 OK
r-release-linux-x86_64 1.2.6 OK
r-release-macos-arm64 1.2.6 OK
r-release-macos-x86_64 1.2.6 OK
r-release-windows-ix86+x86_64 1.2.6 11.00 78.00 89.00 OK
r-oldrel-macos-x86_64 1.2.6 OK
r-oldrel-windows-ix86+x86_64 1.2.6 10.00 76.00 86.00 OK

Check Details

Version: 1.2.6
Check: Rd cross-references
Result: NOTE
    Undeclared package ‘Kendall’ in Rd xrefs
Flavor: r-devel-linux-x86_64-fedora-clang