CRAN Package Check Results for Package ForecastComb

Last updated on 2021-04-15 01:50:23 CEST.

Flavor Version Tinstall Tcheck Ttotal Status Flags
r-devel-linux-x86_64-debian-clang 1.3.1 14.98 202.59 217.57 OK
r-devel-linux-x86_64-debian-gcc 1.3.1 12.09 146.15 158.24 OK
r-devel-linux-x86_64-fedora-clang 1.3.1 262.44 NOTE
r-devel-linux-x86_64-fedora-gcc 1.3.1 251.29 OK
r-devel-windows-ix86+x86_64 1.3.1 37.00 239.00 276.00 OK
r-devel-windows-x86_64-gcc10-UCRT 1.3.1 OK
r-patched-linux-x86_64 1.3.1 13.66 186.09 199.75 OK
r-patched-solaris-x86 1.3.1 325.30 OK
r-release-linux-x86_64 1.3.1 12.13 186.68 198.81 OK
r-release-macos-x86_64 1.3.1 OK
r-release-windows-ix86+x86_64 1.3.1 38.00 245.00 283.00 OK
r-oldrel-macos-x86_64 1.3.1 OK
r-oldrel-windows-ix86+x86_64 1.3.1 21.00 148.00 169.00 OK

Check Details

Version: 1.3.1
Check: Rd cross-references
Result: NOTE
    Undeclared package ‘ForecastCombinations’ in Rd xrefs
Flavor: r-devel-linux-x86_64-fedora-clang