CRAN Package Check Results for Package ForecastFramework

Last updated on 2018-02-26 03:48:53 CET.

Flavor Version Tinstall Tcheck Ttotal Status Flags
r-devel-linux-x86_64-debian-clang 0.9.0 20.18 118.78 138.96 OK
r-devel-linux-x86_64-debian-gcc 0.9.0 15.09 109.62 124.71 OK
r-devel-linux-x86_64-fedora-clang 0.9.0 190.89 OK
r-devel-linux-x86_64-fedora-gcc 0.9.0 196.26 OK
r-devel-windows-ix86+x86_64 0.9.0 32.00 187.00 219.00 OK
r-patched-linux-x86_64 0.9.0 3.65 133.48 137.13 OK
r-patched-solaris-x86 0.9.0 221.30 OK
r-release-linux-x86_64 0.9.0 3.25 135.67 138.92 OK
r-release-windows-ix86+x86_64 0.9.0 10.00 227.00 237.00 OK
r-release-osx-x86_64 0.9.0 WARN
r-oldrel-windows-ix86+x86_64 0.9.0 7.00 107.00 114.00 OK
r-oldrel-osx-x86_64 0.9.0 WARN

Check Details

Version: 0.9.0
Check: re-building of vignette outputs
Result: WARN
    Error in re-building vignettes:
     ...
    Warning in private$.dnames[[1]][rows] = rownames(data) :
     number of items to replace is not a multiple of replacement length
    Warning in private$.dnames[[1]][rows] = rownames(data) :
     number of items to replace is not a multiple of replacement length
    Warning in private$.dnames[[1]][rows] = rownames(data) :
     number of items to replace is not a multiple of replacement length
    Warning: running command 'kpsewhich framed.sty' had status 1
    Warning in test_latex_pkg("framed", system.file("misc", "framed.sty", package = "knitr")) :
     unable to find LaTeX package 'framed'; will use a copy from knitr
    Error in texi2dvi(file = file, pdf = TRUE, clean = clean, quiet = quiet, :
     Running 'texi2dvi' on 'ClassDiagram.tex' failed.
    LaTeX errors:
    ! LaTeX Error: File `pbox.sty' not found.
    
    Type X to quit or <RETURN> to proceed,
    or enter new name. (Default extension: sty)
    
    ! Emergency stop.
    <read *>
    
    l.56 \usepackage
     {adjustbox}^^M
    ! ==> Fatal error occurred, no output PDF file produced!
    Calls: buildVignettes -> texi2pdf -> texi2dvi
    Execution halted
Flavor: r-release-osx-x86_64

Version: 0.9.0
Check: re-building of vignette outputs
Result: WARN
    Error in re-building vignettes:
     ...
     number of items to replace is not a multiple of replacement length
    Warning in private$.dnames[[1]][rows] = rownames(data) :
     number of items to replace is not a multiple of replacement length
    Warning in private$.dnames[[1]][rows] = rownames(data) :
     number of items to replace is not a multiple of replacement length
    Warning in private$.dnames[[1]][rows] = rownames(data) :
     number of items to replace is not a multiple of replacement length
    Warning in private$.dnames[[1]][rows] = rownames(data) :
     number of items to replace is not a multiple of replacement length
    Warning in private$.dnames[[1]][rows] = rownames(data) :
     number of items to replace is not a multiple of replacement length
    Warning in private$.dnames[[1]][rows] = rownames(data) :
     number of items to replace is not a multiple of replacement length
    Warning in private$.dnames[[1]][rows] = rownames(data) :
     number of items to replace is not a multiple of replacement length
    Error in texi2dvi(file = file, pdf = TRUE, clean = clean, quiet = quiet, :
     Running 'texi2dvi' on 'ClassDiagram.tex' failed.
    LaTeX errors:
    ! Package pgfkeys Error: I do not know the key '/forest/package@options/linguis
    tics' and I am going to ignore it. Perhaps you misspelled it.
    
    See the pgfkeys package documentation for explanation.
    Type H <return> for immediate help.
    Calls: buildVignettes -> texi2pdf -> texi2dvi
    Execution halted
Flavor: r-oldrel-osx-x86_64