CRAN Package Check Results for Package ForecastFramework

Last updated on 2018-08-21 12:50:28 CEST.

Flavor Version Tinstall Tcheck Ttotal Status Flags
r-devel-linux-x86_64-debian-clang 0.9.0 27.12 191.16 218.28 OK
r-devel-linux-x86_64-debian-gcc 0.9.0 25.95 158.81 184.76 OK
r-devel-linux-x86_64-fedora-clang 0.9.0 260.82 OK
r-devel-linux-x86_64-fedora-gcc 0.9.0 263.40 OK
r-devel-windows-ix86+x86_64 0.9.0 45.00 249.00 294.00 OK
r-patched-linux-x86_64 0.9.0 25.21 182.51 207.72 OK
r-patched-solaris-x86 0.9.0 358.90 OK
r-release-linux-x86_64 0.9.0 24.38 182.52 206.90 OK
r-release-windows-ix86+x86_64 0.9.0 44.00 248.00 292.00 OK
r-release-osx-x86_64 0.9.0 OK
r-oldrel-windows-ix86+x86_64 0.9.0 7.00 157.00 164.00 OK
r-oldrel-osx-x86_64 0.9.0 WARN

Check Details

Version: 0.9.0
Check: re-building of vignette outputs
Result: WARN
    Error in re-building vignettes:
     ...
    Warning in private$.dnames[[1]][rows] = rownames(data) :
     number of items to replace is not a multiple of replacement length
    Warning in private$.dnames[[1]][rows] = rownames(data) :
     number of items to replace is not a multiple of replacement length
    Warning in private$.dnames[[1]][rows] = rownames(data) :
     number of items to replace is not a multiple of replacement length
    Warning: running command 'kpsewhich framed.sty' had status 1
    Warning in test_latex_pkg("framed", system.file("misc", "framed.sty", package = "knitr")) :
     unable to find LaTeX package 'framed'; will use a copy from knitr
    Error in texi2dvi(file = file, pdf = TRUE, clean = clean, quiet = quiet, :
     Running 'texi2dvi' on 'ClassDiagram.tex' failed.
    LaTeX errors:
    ! LaTeX Error: File `pbox.sty' not found.
    
    Type X to quit or <RETURN> to proceed,
    or enter new name. (Default extension: sty)
    
    ! Emergency stop.
    <read *>
    
    l.56 \usepackage
     {adjustbox}^^M
    ! ==> Fatal error occurred, no output PDF file produced!
    Calls: buildVignettes -> texi2pdf -> texi2dvi
    Execution halted
Flavor: r-oldrel-osx-x86_64