CRAN Package Check Results for Package ForecastTB

Last updated on 2024-02-27 17:49:18 CET.

Flavor Version Tinstall Tcheck Ttotal Status Flags
r-devel-linux-x86_64-debian-clang 1.0.1 10.42 82.59 93.01 NOTE
r-devel-linux-x86_64-debian-gcc 1.0.1 8.50 62.88 71.38 NOTE
r-devel-linux-x86_64-fedora-clang 1.0.1 121.32 NOTE
r-devel-linux-x86_64-fedora-gcc 1.0.1 149.89 NOTE
r-devel-windows-x86_64 1.0.1 10.00 77.00 87.00 NOTE
r-patched-linux-x86_64 1.0.1 7.00 79.07 86.07 NOTE
r-release-linux-x86_64 1.0.1 6.83 81.20 88.03 NOTE
r-release-macos-arm64 1.0.1 48.00 NOTE
r-release-macos-x86_64 1.0.1 81.00 NOTE
r-release-windows-x86_64 1.0.1 12.00 98.00 110.00 NOTE
r-oldrel-macos-arm64 1.0.1 48.00 NOTE
r-oldrel-windows-x86_64 1.0.1 13.00 96.00 109.00 NOTE

Check Details

Version: 1.0.1
Check: LazyData
Result: NOTE 'LazyData' is specified without a 'data' directory Flavors: r-devel-linux-x86_64-debian-clang, r-devel-linux-x86_64-debian-gcc, r-devel-linux-x86_64-fedora-clang, r-devel-linux-x86_64-fedora-gcc, r-devel-windows-x86_64, r-patched-linux-x86_64, r-release-linux-x86_64, r-release-macos-arm64, r-release-macos-x86_64, r-release-windows-x86_64, r-oldrel-macos-arm64, r-oldrel-windows-x86_64

Version: 1.0.1
Check: dependencies in R code
Result: NOTE Namespace in Imports field not imported from: ‘decomposedPSF’ All declared Imports should be used. Flavors: r-devel-linux-x86_64-fedora-clang, r-devel-linux-x86_64-fedora-gcc, r-oldrel-macos-arm64