CRAN Package Check Results for Package ForestDisc

Last updated on 2025-01-22 15:50:02 CET.

Flavor Version Tinstall Tcheck Ttotal Status Flags
r-devel-linux-x86_64-debian-clang 0.1.0 2.05 24.38 26.43 OK
r-devel-linux-x86_64-debian-gcc 0.1.0 1.52 18.37 19.89 OK
r-devel-linux-x86_64-fedora-clang 0.1.0 43.27 OK
r-devel-linux-x86_64-fedora-gcc 0.1.0 40.92 OK
r-devel-windows-x86_64 0.1.0 2.00 46.00 48.00 OK
r-patched-linux-x86_64 0.1.0 1.72 23.22 24.94 NOTE
r-release-linux-x86_64 0.1.0 1.90 22.90 24.80 NOTE
r-release-macos-arm64 0.1.0 16.00 NOTE
r-release-macos-x86_64 0.1.0 23.00 NOTE
r-release-windows-x86_64 0.1.0 2.00 45.00 47.00 NOTE
r-oldrel-macos-arm64 0.1.0 19.00 NOTE
r-oldrel-macos-x86_64 0.1.0 23.00 NOTE
r-oldrel-windows-x86_64 0.1.0 4.00 44.00 48.00 NOTE

Check Details

Version: 0.1.0
Check: LazyData
Result: NOTE 'LazyData' is specified without a 'data' directory Flavors: r-patched-linux-x86_64, r-release-linux-x86_64, r-release-macos-arm64, r-release-macos-x86_64, r-release-windows-x86_64, r-oldrel-macos-arm64, r-oldrel-macos-x86_64, r-oldrel-windows-x86_64