CRAN Package Check Results for Package ForestTools

Last updated on 2018-02-21 11:54:08 CET.

Flavor Version Tinstall Tcheck Ttotal Status Flags
r-devel-linux-x86_64-debian-clang 0.1.5 3.77 88.67 92.44 NOTE
r-devel-linux-x86_64-debian-gcc 0.1.5 3.09 68.02 71.11 NOTE
r-devel-linux-x86_64-fedora-clang 0.1.5 107.07 NOTE
r-devel-linux-x86_64-fedora-gcc 0.1.5 104.85 NOTE
r-devel-windows-ix86+x86_64 0.1.5 5.00 103.00 108.00 OK
r-patched-linux-x86_64 0.1.5 2.37 98.37 100.74 OK
r-patched-solaris-x86 0.1.5 140.20 OK
r-release-linux-x86_64 0.1.5 2.99 90.92 93.91 OK
r-release-windows-ix86+x86_64 0.1.5 7.00 130.00 137.00 OK
r-release-osx-x86_64 0.1.5 OK
r-oldrel-windows-ix86+x86_64 0.1.5 5.00 96.00 101.00 OK
r-oldrel-osx-x86_64 0.1.5 OK

Check Details

Version: 0.1.5
Check: DESCRIPTION meta-information
Result: NOTE
    Dependence on R version ‘3.3.2’ not with patchlevel 0
Flavors: r-devel-linux-x86_64-debian-clang, r-devel-linux-x86_64-debian-gcc, r-devel-linux-x86_64-fedora-clang, r-devel-linux-x86_64-fedora-gcc