CRAN Package Check Results for Package ForestTools

Last updated on 2019-02-15 21:51:17 CET.

Flavor Version Tinstall Tcheck Ttotal Status Flags
r-devel-linux-x86_64-debian-clang 0.2.0 3.57 99.85 103.42 OK
r-devel-linux-x86_64-debian-gcc 0.2.0 3.05 77.74 80.79 OK
r-devel-linux-x86_64-fedora-clang 0.2.0 119.38 NOTE
r-devel-linux-x86_64-fedora-gcc 0.2.0 115.31 NOTE
r-devel-windows-ix86+x86_64 0.2.0 15.00 290.00 305.00 OK
r-patched-linux-x86_64 0.2.0 3.55 89.72 93.27 OK
r-patched-solaris-x86 0.2.0 150.00 NOTE
r-release-linux-x86_64 0.2.0 2.75 88.30 91.05 OK
r-release-windows-ix86+x86_64 0.2.0 5.00 99.00 104.00 OK
r-release-osx-x86_64 0.2.0 NOTE
r-oldrel-windows-ix86+x86_64 0.2.0 7.00 190.00 197.00 OK
r-oldrel-osx-x86_64 0.2.0 NOTE

Check Details

Version: 0.2.0
Check: dependencies in R code
Result: NOTE
    Namespace in Imports field not imported from: ‘methods’
     All declared Imports should be used.
Flavors: r-devel-linux-x86_64-fedora-clang, r-devel-linux-x86_64-fedora-gcc, r-patched-solaris-x86, r-release-osx-x86_64, r-oldrel-osx-x86_64