CRAN Package Check Results for Package ForestTools

Last updated on 2018-05-24 04:49:35 CEST.

Flavor Version Tinstall Tcheck Ttotal Status Flags
r-devel-linux-x86_64-debian-clang 0.2.0 3.64 83.32 86.96 OK
r-devel-linux-x86_64-debian-gcc 0.2.0 2.93 76.62 79.55 OK
r-devel-linux-x86_64-fedora-clang 0.2.0 112.98 NOTE
r-devel-linux-x86_64-fedora-gcc 0.2.0 110.16 NOTE
r-devel-windows-ix86+x86_64 0.2.0 6.00 100.00 106.00 OK
r-patched-linux-x86_64 0.2.0 3.45 90.93 94.38 OK
r-patched-solaris-x86 0.2.0 145.60 NOTE
r-release-linux-x86_64 0.2.0 3.34 90.82 94.16 OK
r-release-windows-ix86+x86_64 0.2.0 7.00 139.00 146.00 OK
r-release-osx-x86_64 0.2.0 NOTE
r-oldrel-windows-ix86+x86_64 0.2.0 7.00 132.00 139.00 OK
r-oldrel-osx-x86_64 0.2.0 NOTE

Check Details

Version: 0.2.0
Check: dependencies in R code
Result: NOTE
    Namespace in Imports field not imported from: ‘methods’
     All declared Imports should be used.
Flavors: r-devel-linux-x86_64-fedora-clang, r-devel-linux-x86_64-fedora-gcc, r-patched-solaris-x86, r-release-osx-x86_64, r-oldrel-osx-x86_64