CRAN Package Check Results for Package ForestTools

Last updated on 2018-08-20 09:47:38 CEST.

Flavor Version Tinstall Tcheck Ttotal Status Flags
r-devel-linux-x86_64-debian-clang 0.2.0 3.17 93.00 96.17 OK
r-devel-linux-x86_64-debian-gcc 0.2.0 3.21 76.24 79.45 OK
r-devel-linux-x86_64-fedora-clang 0.2.0 113.49 NOTE
r-devel-linux-x86_64-fedora-gcc 0.2.0 112.43 NOTE
r-devel-windows-ix86+x86_64 0.2.0 9.00 132.00 141.00 OK
r-patched-linux-x86_64 0.2.0 3.25 87.46 90.71 OK
r-patched-solaris-x86 0.2.0 148.60 NOTE
r-release-linux-x86_64 0.2.0 3.60 85.84 89.44 OK
r-release-windows-ix86+x86_64 0.2.0 10.00 123.00 133.00 OK
r-release-osx-x86_64 0.2.0 NOTE
r-oldrel-windows-ix86+x86_64 0.2.0 5.00 118.00 123.00 OK
r-oldrel-osx-x86_64 0.2.0 NOTE

Check Details

Version: 0.2.0
Check: dependencies in R code
Result: NOTE
    Namespace in Imports field not imported from: ‘methods’
     All declared Imports should be used.
Flavors: r-devel-linux-x86_64-fedora-clang, r-devel-linux-x86_64-fedora-gcc, r-patched-solaris-x86, r-release-osx-x86_64, r-oldrel-osx-x86_64