Last updated on 2022-06-30 05:57:52 CEST.
Flavor | Version | Tinstall | Tcheck | Ttotal | Status | Flags |
---|---|---|---|---|---|---|
r-devel-linux-x86_64-debian-clang | 1.0.0 | 3.72 | 31.33 | 35.05 | OK | |
r-devel-linux-x86_64-debian-gcc | 1.0.0 | 3.00 | 23.50 | 26.50 | OK | |
r-devel-linux-x86_64-fedora-clang | 1.0.0 | 52.98 | NOTE | |||
r-devel-linux-x86_64-fedora-gcc | 1.0.0 | 51.87 | NOTE | |||
r-devel-windows-x86_64 | 1.0.0 | 6.00 | 57.00 | 63.00 | OK | |
r-patched-linux-x86_64 | 1.0.0 | 3.77 | 29.66 | 33.43 | OK | |
r-release-linux-x86_64 | 1.0.0 | 3.56 | 29.38 | 32.94 | OK | |
r-release-macos-arm64 | 1.0.0 | 19.00 | NOTE | |||
r-release-macos-x86_64 | 1.0.0 | 32.00 | NOTE | |||
r-release-windows-x86_64 | 1.0.0 | 16.00 | 55.00 | 71.00 | OK | |
r-oldrel-macos-arm64 | 1.0.0 | 89.00 | NOTE | |||
r-oldrel-macos-x86_64 | 1.0.0 | 24.00 | NOTE | |||
r-oldrel-windows-ix86+x86_64 | 1.0.0 | 9.00 | 52.00 | 61.00 | OK |
Version: 1.0.0
Check: dependencies in R code
Result: NOTE
Namespace in Imports field not imported from: ‘LaplacesDemon’
All declared Imports should be used.
Flavors: r-devel-linux-x86_64-fedora-clang, r-devel-linux-x86_64-fedora-gcc, r-release-macos-arm64, r-release-macos-x86_64, r-oldrel-macos-arm64, r-oldrel-macos-x86_64