CRAN Package Check Results for Package FreqProf

Last updated on 2024-06-13 15:48:22 CEST.

Flavor Version Tinstall Tcheck Ttotal Status Flags
r-devel-linux-x86_64-debian-clang 0.0.1 5.19 55.50 60.69 OK
r-devel-linux-x86_64-debian-gcc 0.0.1 0.32 1.73 2.05 ERROR
r-devel-linux-x86_64-fedora-clang 0.0.1 75.67 OK
r-devel-linux-x86_64-fedora-gcc 0.0.1 71.81 OK
r-devel-windows-x86_64 0.0.1 8.00 67.00 75.00 OK
r-patched-linux-x86_64 0.0.1 4.72 52.35 57.07 OK
r-release-linux-x86_64 0.0.1 5.27 52.91 58.18 OK
r-release-macos-arm64 0.0.1 26.00 OK
r-release-macos-x86_64 0.0.1 38.00 OK
r-release-windows-x86_64 0.0.1 8.00 69.00 77.00 OK
r-oldrel-macos-arm64 0.0.1 29.00 OK
r-oldrel-macos-x86_64 0.0.1 41.00 OK
r-oldrel-windows-x86_64 0.0.1 8.00 75.00 83.00 OK

Check Details

Version: 0.0.1
Check: package dependencies
Result: ERROR Packages required but not available: 'reshape2', 'ggplot2' See section ‘The DESCRIPTION file’ in the ‘Writing R Extensions’ manual. Flavor: r-devel-linux-x86_64-debian-gcc