CRAN Package Check Results for Package FunCC

Last updated on 2021-01-23 19:47:35 CET.

Flavor Version Tinstall Tcheck Ttotal Status Flags
r-devel-linux-x86_64-debian-clang 1.0 5.62 43.39 49.01 OK
r-devel-linux-x86_64-debian-gcc 1.0 5.00 33.02 38.02 OK
r-devel-linux-x86_64-fedora-clang 1.0 67.83 OK
r-devel-linux-x86_64-fedora-gcc 1.0 61.33 OK
r-devel-windows-ix86+x86_64 1.0 12.00 61.00 73.00 OK
r-patched-linux-x86_64 1.0 5.85 44.79 50.64 NOTE
r-patched-solaris-x86 1.0 89.80 OK
r-release-linux-x86_64 1.0 5.69 45.12 50.81 NOTE
r-release-macos-x86_64 1.0 OK
r-release-windows-ix86+x86_64 1.0 12.00 65.00 77.00 OK
r-oldrel-macos-x86_64 1.0 OK
r-oldrel-windows-ix86+x86_64 1.0 8.00 56.00 64.00 OK

Check Details

Version: 1.0
Check: DESCRIPTION meta-information
Result: NOTE
    Dependence on R version ‘3.5.1’ not with patchlevel 0
Flavors: r-patched-linux-x86_64, r-release-linux-x86_64