CRAN Package Check Results for Package FuzzySTs

Last updated on 2023-01-29 12:55:28 CET.

Flavor Version Tinstall Tcheck Ttotal Status Flags
r-devel-linux-x86_64-debian-clang 0.2 14.37 171.78 186.15 NOTE
r-devel-linux-x86_64-debian-gcc 0.2 12.82 124.29 137.11 NOTE
r-devel-linux-x86_64-fedora-clang 0.2 249.07 NOTE
r-devel-linux-x86_64-fedora-gcc 0.2 236.55 NOTE
r-devel-windows-x86_64 0.2 97.00 227.00 324.00 NOTE
r-patched-linux-x86_64 0.2 17.76 160.03 177.79 NOTE
r-release-linux-x86_64 0.2 16.42 156.92 173.34 NOTE
r-release-macos-arm64 0.2 56.00 NOTE
r-release-macos-x86_64 0.2 84.00 NOTE
r-release-windows-x86_64 0.2 77.00 200.00 277.00 NOTE
r-oldrel-macos-arm64 0.2 65.00 NOTE
r-oldrel-macos-x86_64 0.2 127.00 NOTE
r-oldrel-windows-ix86+x86_64 0.2 30.00 198.00 228.00 NOTE

Check Details

Version: 0.2
Check: LazyData
Result: NOTE
     'LazyData' is specified without a 'data' directory
Flavors: r-devel-linux-x86_64-debian-clang, r-devel-linux-x86_64-debian-gcc, r-devel-linux-x86_64-fedora-clang, r-devel-linux-x86_64-fedora-gcc, r-devel-windows-x86_64, r-patched-linux-x86_64, r-release-linux-x86_64, r-release-macos-arm64, r-release-macos-x86_64, r-release-windows-x86_64, r-oldrel-macos-arm64, r-oldrel-macos-x86_64, r-oldrel-windows-ix86+x86_64