CRAN Package Check Results for Package GA

Last updated on 2018-10-19 22:49:39 CEST.

Flavor Version Tinstall Tcheck Ttotal Status Flags
r-devel-linux-x86_64-debian-clang 3.1.1 41.74 57.79 99.53 OK
r-devel-linux-x86_64-debian-gcc 3.1.1 33.68 47.11 80.79 OK
r-devel-linux-x86_64-fedora-clang 3.1.1 130.12 OK
r-devel-linux-x86_64-fedora-gcc 3.1.1 122.77 OK
r-devel-windows-ix86+x86_64 3.1.1 90.00 89.00 179.00 OK
r-patched-linux-x86_64 3.1.1 42.25 55.69 97.94 OK
r-patched-solaris-x86 3.1.1 139.60 OK
r-release-linux-x86_64 3.1.1 38.46 56.70 95.16 OK
r-release-windows-ix86+x86_64 3.1.1 76.00 120.00 196.00 OK
r-release-osx-x86_64 3.1.1 NOTE
r-oldrel-windows-ix86+x86_64 3.1.1 68.00 121.00 189.00 OK
r-oldrel-osx-x86_64 3.1.1 OK

Check Details

Version: 3.1.1
Check: installed package size
Result: NOTE
     installed size is 5.3Mb
     sub-directories of 1Mb or more:
     doc 1.3Mb
     libs 3.5Mb
Flavor: r-release-osx-x86_64