CRAN Package Check Results for Package GA

Last updated on 2018-05-27 13:47:15 CEST.

Flavor Version Tinstall Tcheck Ttotal Status Flags
r-devel-linux-x86_64-debian-clang 3.1.1 39.64 59.28 98.92 OK
r-devel-linux-x86_64-debian-gcc 3.1.1 29.23 45.09 74.32 OK
r-devel-linux-x86_64-fedora-clang 3.1.1 121.79 OK
r-devel-linux-x86_64-fedora-gcc 3.1.1 116.89 OK
r-devel-windows-ix86+x86_64 3.1.1 70.00 90.00 160.00 OK
r-patched-linux-x86_64 3.1.1 38.80 55.90 94.70 OK
r-patched-solaris-x86 3.1.1 141.10 OK
r-release-linux-x86_64 3.1.1 36.14 56.43 92.57 OK
r-release-windows-ix86+x86_64 3.1.1 90.00 127.00 217.00 OK
r-release-osx-x86_64 3.1.1 NOTE
r-oldrel-windows-ix86+x86_64 3.1.1 94.00 85.00 179.00 OK
r-oldrel-osx-x86_64 3.0.2 OK

Check Details

Version: 3.1.1
Check: installed package size
Result: NOTE
     installed size is 5.3Mb
     sub-directories of 1Mb or more:
     doc 1.3Mb
     libs 3.5Mb
Flavor: r-release-osx-x86_64