CRAN Package Check Results for Package GA

Last updated on 2019-01-23 22:48:25 CET.

Flavor Version Tinstall Tcheck Ttotal Status Flags
r-devel-linux-x86_64-debian-clang 3.2 38.67 67.96 106.63 OK
r-devel-linux-x86_64-debian-gcc 3.2 34.76 51.89 86.65 OK
r-devel-linux-x86_64-fedora-clang 3.2 139.14 NOTE
r-devel-linux-x86_64-fedora-gcc 3.2 130.27 OK
r-devel-windows-ix86+x86_64 3.2 98.00 144.00 242.00 OK
r-patched-linux-x86_64 3.2 40.93 64.18 105.11 OK
r-patched-solaris-x86 3.2 157.20 OK
r-release-linux-x86_64 3.2 38.50 64.25 102.75 OK
r-release-windows-ix86+x86_64 3.2 74.00 99.00 173.00 OK
r-release-osx-x86_64 3.2 NOTE
r-oldrel-windows-ix86+x86_64 3.2 83.00 143.00 226.00 OK
r-oldrel-osx-x86_64 3.2 NOTE

Check Details

Version: 3.2
Check: installed package size
Result: NOTE
     installed size is 5.5Mb
     sub-directories of 1Mb or more:
     doc 1.7Mb
     libs 3.3Mb
Flavors: r-devel-linux-x86_64-fedora-clang, r-release-osx-x86_64, r-oldrel-osx-x86_64