CRAN Package Check Results for Package GA

Last updated on 2018-08-17 00:49:46 CEST.

Flavor Version Tinstall Tcheck Ttotal Status Flags
r-devel-linux-x86_64-debian-clang 3.1.1 33.96 60.15 94.11 OK
r-devel-linux-x86_64-debian-gcc 3.1.1 33.58 46.33 79.91 OK
r-devel-linux-x86_64-fedora-clang 3.1.1 123.77 OK
r-devel-linux-x86_64-fedora-gcc 3.1.1 122.50 OK
r-devel-windows-ix86+x86_64 3.1.1 71.00 90.00 161.00 OK
r-patched-linux-x86_64 3.1.1 36.11 55.57 91.68 OK
r-patched-solaris-x86 3.1.1 141.80 OK
r-release-linux-x86_64 3.1.1 40.92 55.26 96.18 OK
r-release-windows-ix86+x86_64 3.1.1 86.00 114.00 200.00 OK
r-release-osx-x86_64 3.1.1 NOTE
r-oldrel-windows-ix86+x86_64 3.1.1 92.00 122.00 214.00 OK
r-oldrel-osx-x86_64 3.1.1 OK

Check Details

Version: 3.1.1
Check: installed package size
Result: NOTE
     installed size is 5.3Mb
     sub-directories of 1Mb or more:
     doc 1.3Mb
     libs 3.5Mb
Flavor: r-release-osx-x86_64