CRAN Package Check Results for Package GADMTools

Last updated on 2018-02-23 22:47:56 CET.

Flavor Version Tinstall Tcheck Ttotal Status Flags
r-devel-linux-x86_64-debian-clang 2.1-1 3.79 60.75 64.54 OK
r-devel-linux-x86_64-debian-gcc 2.1-1 4.85 53.26 58.11 OK
r-devel-linux-x86_64-fedora-clang 2.1-1 81.06 NOTE
r-devel-linux-x86_64-fedora-gcc 2.1-1 82.09 NOTE
r-devel-windows-ix86+x86_64 2.1-1 14.00 128.00 142.00 OK
r-patched-linux-x86_64 2.1-1 3.70 62.38 66.08 OK
r-patched-solaris-x86 2.1-1 114.70 NOTE
r-release-linux-x86_64 2.1-1 3.55 63.12 66.67 OK
r-release-windows-ix86+x86_64 2.1-1 21.00 208.00 229.00 OK
r-release-osx-x86_64 2.1-1 NOTE
r-oldrel-windows-ix86+x86_64 2.1-1 12.00 87.00 99.00 OK
r-oldrel-osx-x86_64 2.1-1 NOTE

Check Details

Version: 2.1-1
Check: dependencies in R code
Result: NOTE
    Namespace in Imports field not imported from: ‘scales’
     All declared Imports should be used.
Flavors: r-devel-linux-x86_64-fedora-clang, r-devel-linux-x86_64-fedora-gcc, r-patched-solaris-x86, r-release-osx-x86_64, r-oldrel-osx-x86_64