Last updated on 2022-06-28 09:49:50 CEST.
Flavor | Version | Tinstall | Tcheck | Ttotal | Status | Flags |
---|---|---|---|---|---|---|
r-devel-linux-x86_64-debian-clang | 3.9-1 | 21.10 | 197.98 | 219.08 | OK | |
r-devel-linux-x86_64-debian-gcc | 3.9-1 | 17.99 | 146.56 | 164.55 | OK | |
r-devel-linux-x86_64-fedora-clang | 3.9-1 | 260.79 | NOTE | |||
r-devel-linux-x86_64-fedora-gcc | 3.9-1 | 264.98 | NOTE | |||
r-devel-windows-x86_64 | 3.9-1 | 55.00 | 299.00 | 354.00 | OK | |
r-patched-linux-x86_64 | 3.9-1 | 25.10 | 185.14 | 210.24 | OK | |
r-release-linux-x86_64 | 3.9-1 | 20.67 | 184.38 | 205.05 | OK | |
r-release-macos-arm64 | 3.9-1 | 70.00 | NOTE | |||
r-release-macos-x86_64 | 3.9-1 | 141.00 | NOTE | |||
r-release-windows-x86_64 | 3.9-1 | 69.00 | 311.00 | 380.00 | OK | |
r-oldrel-macos-arm64 | 3.9-1 | 136.00 | NOTE | |||
r-oldrel-macos-x86_64 | 3.9-1 | 118.00 | NOTE | |||
r-oldrel-windows-ix86+x86_64 | 3.9-1 | 67.00 | 561.00 | 628.00 | OK |
Version: 3.9-1
Check: data for non-ASCII characters
Result: NOTE
Note: found 19 marked UTF-8 strings
Flavors: r-devel-linux-x86_64-fedora-clang, r-devel-linux-x86_64-fedora-gcc, r-release-macos-arm64, r-release-macos-x86_64, r-oldrel-macos-arm64, r-oldrel-macos-x86_64