CRAN Package Check Results for Package GADMTools

Last updated on 2018-11-17 06:46:41 CET.

Flavor Version Tinstall Tcheck Ttotal Status Flags
r-devel-linux-x86_64-debian-clang 2.2-2 4.89 66.35 71.24 OK
r-devel-linux-x86_64-debian-gcc 2.2-2 5.25 56.57 61.82 OK
r-devel-linux-x86_64-fedora-clang 2.2-2 95.19 OK
r-devel-linux-x86_64-fedora-gcc 2.2-2 82.88 OK
r-devel-windows-ix86+x86_64 2.2-2 16.00 153.00 169.00 OK
r-patched-linux-x86_64 2.2-2 5.19 62.53 67.72 OK
r-patched-solaris-x86 2.2-2 142.00 OK
r-release-linux-x86_64 2.2-2 4.08 62.04 66.12 OK
r-release-windows-ix86+x86_64 2.2-2 18.00 127.00 145.00 OK
r-release-osx-x86_64 2.2-2 WARN
r-oldrel-windows-ix86+x86_64 2.2-2 19.00 132.00 151.00 OK
r-oldrel-osx-x86_64 2.2-2 OK

Check Details

Version: 2.2-2
Check: whether package can be installed
Result: WARN
    Found the following significant warnings:
     Warning: package ‘dplyr’ was built under R version 3.5.1
Flavor: r-release-osx-x86_64