CRAN Package Check Results for Package GADMTools

Last updated on 2018-05-23 01:46:32 CEST.

Flavor Version Tinstall Tcheck Ttotal Status Flags
r-devel-linux-x86_64-debian-clang 2.1-1 5.33 68.74 74.07 OK
r-devel-linux-x86_64-debian-gcc 2.1-1 5.15 58.06 63.21 OK
r-devel-linux-x86_64-fedora-clang 2.1-1 91.26 NOTE
r-devel-linux-x86_64-fedora-gcc 2.1-1 88.23 NOTE
r-devel-windows-ix86+x86_64 2.1-1 13.00 133.00 146.00 OK
r-patched-linux-x86_64 2.1-1 5.57 62.70 68.27 OK
r-patched-solaris-x86 2.1-1 138.00 NOTE
r-release-linux-x86_64 2.1-1 5.16 62.37 67.53 OK
r-release-windows-ix86+x86_64 2.1-1 17.00 148.00 165.00 OK
r-release-osx-x86_64 2.1-1 NOTE
r-oldrel-windows-ix86+x86_64 2.1-1 17.00 129.00 146.00 OK
r-oldrel-osx-x86_64 2.1-1 NOTE

Check Details

Version: 2.1-1
Check: dependencies in R code
Result: NOTE
    Namespace in Imports field not imported from: ‘scales’
     All declared Imports should be used.
Flavors: r-devel-linux-x86_64-fedora-clang, r-devel-linux-x86_64-fedora-gcc, r-patched-solaris-x86, r-release-osx-x86_64, r-oldrel-osx-x86_64