Last updated on 2022-05-24 09:52:18 CEST.
Flavor | Version | Tinstall | Tcheck | Ttotal | Status | Flags |
---|---|---|---|---|---|---|
r-devel-linux-x86_64-debian-clang | 0.3.4 | 443.79 | 100.60 | 544.39 | OK | |
r-devel-linux-x86_64-debian-gcc | 0.3.4 | 345.61 | 73.86 | 419.47 | OK | |
r-devel-linux-x86_64-fedora-clang | 0.3.4 | 877.37 | NOTE | |||
r-devel-linux-x86_64-fedora-gcc | 0.3.4 | 756.41 | OK | |||
r-devel-windows-x86_64 | 0.3.4 | 355.00 | 141.00 | 496.00 | OK | |
r-patched-linux-x86_64 | 0.3.4 | 375.60 | 95.03 | 470.63 | OK | |
r-release-linux-x86_64 | 0.3.4 | OK | ||||
r-release-macos-arm64 | 0.3.4 | 145.00 | NOTE | |||
r-release-macos-x86_64 | 0.3.4 | 191.00 | NOTE | |||
r-release-windows-x86_64 | 0.3.4 | 364.00 | 143.00 | 507.00 | OK | |
r-oldrel-macos-arm64 | 0.3.4 | 121.00 | NOTE | |||
r-oldrel-macos-x86_64 | 0.3.4 | 193.00 | NOTE | |||
r-oldrel-windows-ix86+x86_64 | 0.3.4 | 1117.00 | 181.00 | 1298.00 | NOTE |
Version: 0.3.4
Check: installed package size
Result: NOTE
installed size is 9.0Mb
sub-directories of 1Mb or more:
data 1.4Mb
libs 6.9Mb
Flavors: r-devel-linux-x86_64-fedora-clang, r-release-macos-arm64, r-release-macos-x86_64, r-oldrel-macos-arm64, r-oldrel-macos-x86_64, r-oldrel-windows-ix86+x86_64