CRAN Package Check Results for Package GB2

Last updated on 2024-06-19 11:23:44 CEST.

Flavor Version Tinstall Tcheck Ttotal Status Flags
r-devel-linux-x86_64-debian-clang 2.1.1 13.53 100.86 114.39 NOTE
r-devel-linux-x86_64-debian-gcc 2.1.1 9.20 72.08 81.28 NOTE
r-devel-linux-x86_64-fedora-clang 2.1.1 135.76 NOTE
r-devel-linux-x86_64-fedora-gcc 2.1.1 130.22 NOTE
r-devel-windows-x86_64 2.1.1 10.00 88.00 98.00 NOTE
r-patched-linux-x86_64 2.1.1 11.83 91.88 103.71 NOTE
r-release-linux-x86_64 2.1.1 10.31 91.82 102.13 NOTE
r-release-macos-arm64 2.1.1 37.00 NOTE
r-release-macos-x86_64 2.1.1 60.00 NOTE
r-release-windows-x86_64 2.1.1 10.00 90.00 100.00 NOTE
r-oldrel-macos-arm64 2.1.1 42.00 OK
r-oldrel-macos-x86_64 2.1.1 69.00 OK
r-oldrel-windows-x86_64 2.1.1 13.00 105.00 118.00 OK

Check Details

Version: 2.1.1
Check: Rd files
Result: NOTE checkRd: (-1) CompoundDensPlot.Rd:18: Lost braces 18 | \item{shape1, scale ,shape2, shape3}{numeric; positive parameters of the GB2 distribution. On the plot they are denotes as \code{a}, code{b}, \code{p}, \code{q} and \code{pl0} respectively.} | ^ checkRd: (-1) CompoundVarest.Rd:58: Lost braces 58 | \code{scoreU.cgb2} returns a \eqn{N \times (L-1)} matrix of scores <code{U}. | ^ checkRd: (-1) Fisk.Rd:26: Lost braces 26 | \value{\code{fisk} and \code{fiskh} return vectors of length 4 containing the estimated parameters \eqn{a}, eqn{b}, as well as \eqn{p=1} and \eqn{q=1}. | ^ checkRd: (-1) MLfullGB2.Rd:23: Lost braces 23 | \item{method}{numeric; the method to be used by \code{optim}. By default, code{method = }1 and the used method is BFGS. If \code{method = }2, method L-BFGS-B is used.} | ^ checkRd: (-1) MLprofGB2.Rd:16: Lost braces 16 | \item{method}{numeric; the method to be used by \code{optim}. By default, code{method = }1 and the used method is BFGS. If \code{method = }2, method L-BFGS-B is used.} | ^ Flavors: r-devel-linux-x86_64-debian-clang, r-devel-linux-x86_64-debian-gcc, r-devel-linux-x86_64-fedora-clang, r-devel-linux-x86_64-fedora-gcc, r-devel-windows-x86_64, r-patched-linux-x86_64, r-release-linux-x86_64, r-release-macos-arm64, r-release-macos-x86_64, r-release-windows-x86_64