CRAN Package Check Results for Package GBJ

Last updated on 2018-05-26 02:48:36 CEST.

Flavor Version Tinstall Tcheck Ttotal Status Flags
r-devel-linux-x86_64-debian-clang 0.5.0 16.56 61.11 77.67 WARN
r-devel-linux-x86_64-debian-gcc 0.5.0 14.21 47.71 61.92 WARN
r-devel-linux-x86_64-fedora-clang 0.5.0 97.84 OK
r-devel-linux-x86_64-fedora-gcc 0.5.0 93.59 OK
r-devel-windows-ix86+x86_64 0.5.0 42.00 143.00 185.00 OK
r-patched-linux-x86_64 0.5.0 16.80 58.83 75.63 OK
r-patched-solaris-x86 0.5.0 135.30 OK
r-release-linux-x86_64 0.5.0 16.40 59.20 75.60 OK
r-release-windows-ix86+x86_64 0.5.0 51.00 139.00 190.00 OK
r-release-osx-x86_64 0.5.0 OK
r-oldrel-windows-ix86+x86_64 0.5.0 57.00 102.00 159.00 OK
r-oldrel-osx-x86_64 0.5.0 OK

Check Details

Version: 0.5.0
Check: for unstated dependencies in ‘tests’
Result: WARN
    '::' or ':::' imports not declared from:
     ‘bindata’ ‘rje’
Flavors: r-devel-linux-x86_64-debian-clang, r-devel-linux-x86_64-debian-gcc