Last updated on 2022-05-28 22:55:09 CEST.
Flavor | Version | Tinstall | Tcheck | Ttotal | Status | Flags |
---|---|---|---|---|---|---|
r-devel-linux-x86_64-debian-clang | 1.2.2 | 17.87 | 60.13 | 78.00 | OK | |
r-devel-linux-x86_64-debian-gcc | 1.2.2 | 17.61 | 47.00 | 64.61 | OK | |
r-devel-linux-x86_64-fedora-clang | 1.2.2 | 106.96 | NOTE | |||
r-devel-linux-x86_64-fedora-gcc | 1.2.2 | 100.83 | NOTE | |||
r-devel-windows-x86_64 | 1.2.2 | 74.00 | 97.00 | 171.00 | OK | |
r-patched-linux-x86_64 | 1.2.2 | 20.53 | 57.88 | 78.41 | OK | |
r-release-linux-x86_64 | 1.2.2 | 17.02 | 56.39 | 73.41 | OK | |
r-release-macos-arm64 | 1.2.2 | 30.00 | OK | |||
r-release-macos-x86_64 | 1.2.2 | 44.00 | OK | |||
r-release-windows-x86_64 | 1.2.2 | 72.00 | 99.00 | 171.00 | OK | |
r-oldrel-macos-arm64 | 1.2.2 | 35.00 | OK | |||
r-oldrel-macos-x86_64 | 1.2.2 | 58.00 | OK | |||
r-oldrel-windows-ix86+x86_64 | 1.2.2 | 43.00 | 112.00 | 155.00 | OK |
Version: 1.2.2
Check: compiled code
Result: NOTE
File ‘GCPM/libs/GCPM.so’:
Found no calls to: ‘R_registerRoutines’, ‘R_useDynamicSymbols’
It is good practice to register native routines and to disable symbol
search.
See ‘Writing portable packages’ in the ‘Writing R Extensions’ manual.
Flavors: r-devel-linux-x86_64-fedora-clang, r-devel-linux-x86_64-fedora-gcc