CRAN Package Check Results for Package GCSM

Last updated on 2024-06-18 20:49:05 CEST.

Flavor Version Tinstall Tcheck Ttotal Status Flags
r-devel-linux-x86_64-debian-clang 0.1.1 104.82 30.29 135.11 NOTE
r-devel-linux-x86_64-debian-gcc 0.1.1 77.22 23.74 100.96 NOTE
r-devel-linux-x86_64-fedora-clang 0.1.1 201.84 NOTE
r-devel-linux-x86_64-fedora-gcc 0.1.1 217.73 NOTE
r-devel-windows-x86_64 0.1.1 84.00 67.00 151.00 NOTE
r-patched-linux-x86_64 0.1.1 97.28 29.89 127.17 NOTE
r-release-linux-x86_64 0.1.1 92.84 29.06 121.90 NOTE
r-release-macos-arm64 0.1.1 41.00 NOTE
r-release-macos-x86_64 0.1.1 42.00 NOTE
r-release-windows-x86_64 0.1.1 83.00 64.00 147.00 NOTE
r-oldrel-macos-arm64 0.1.1 50.00 NOTE
r-oldrel-macos-x86_64 0.1.1 85.00 NOTE
r-oldrel-windows-x86_64 0.1.1 104.00 75.00 179.00 NOTE

Check Details

Version: 0.1.1
Check: C++ specification
Result: NOTE Specified C++11: please drop specification unless essential Flavors: r-devel-linux-x86_64-debian-clang, r-devel-linux-x86_64-debian-gcc, r-devel-linux-x86_64-fedora-clang, r-devel-linux-x86_64-fedora-gcc, r-devel-windows-x86_64, r-patched-linux-x86_64, r-release-linux-x86_64, r-release-macos-arm64, r-release-macos-x86_64, r-release-windows-x86_64, r-oldrel-macos-arm64, r-oldrel-macos-x86_64, r-oldrel-windows-x86_64