CRAN Package Check Results for Package GENEAclassify

Last updated on 2022-10-02 01:50:32 CEST.

Flavor Version Tinstall Tcheck Ttotal Status Flags
r-devel-linux-x86_64-debian-clang 1.5.3 4.31 51.55 55.86 OK
r-devel-linux-x86_64-debian-gcc 1.5.3 5.26 38.80 44.06 OK
r-devel-linux-x86_64-fedora-clang 1.5.3 83.36 NOTE
r-devel-linux-x86_64-fedora-gcc 1.5.3 82.93 OK
r-devel-windows-x86_64 1.5.3 50.00 93.00 143.00 OK
r-patched-linux-x86_64 1.5.3 6.47 48.82 55.29 OK
r-release-linux-x86_64 1.5.3 5.45 48.68 54.13 OK
r-release-macos-arm64 1.5.3 31.00 OK
r-release-macos-x86_64 1.5.3 36.00 OK
r-release-windows-x86_64 1.5.3 75.00 86.00 161.00 OK
r-oldrel-macos-arm64 1.5.3 34.00 OK
r-oldrel-macos-x86_64 1.5.3 40.00 OK
r-oldrel-windows-ix86+x86_64 1.5.3 14.00 81.00 95.00 OK

Check Details

Version: 1.5.3
Check: Rd cross-references
Result: NOTE
    Undeclared package ‘mmap’ in Rd xrefs
Flavor: r-devel-linux-x86_64-fedora-clang