CRAN Package Check Results for Package GENEAread

Last updated on 2022-12-04 18:53:48 CET.

Flavor Version Tinstall Tcheck Ttotal Status Flags
r-devel-linux-x86_64-debian-clang 2.0.9 5.46 43.52 48.98 NOTE
r-devel-linux-x86_64-debian-gcc 2.0.9 5.33 33.55 38.88 NOTE
r-devel-linux-x86_64-fedora-clang 2.0.9 73.16 NOTE
r-devel-linux-x86_64-fedora-gcc 2.0.9 70.28 NOTE
r-devel-windows-x86_64 2.0.9 62.00 75.00 137.00 NOTE
r-patched-linux-x86_64 2.0.9 6.85 41.05 47.90 NOTE
r-release-linux-x86_64 2.0.9 5.74 40.37 46.11 NOTE
r-release-macos-arm64 2.0.9 24.00 NOTE
r-release-macos-x86_64 2.0.9 33.00 NOTE
r-release-windows-x86_64 2.0.9 47.00 70.00 117.00 NOTE
r-oldrel-macos-arm64 2.0.9 28.00 NOTE
r-oldrel-macos-x86_64 2.0.9 44.00 NOTE
r-oldrel-windows-ix86+x86_64 2.0.9 12.00 62.00 74.00 NOTE

Check Details

Version: 2.0.9
Check: LazyData
Result: NOTE
     'LazyData' is specified without a 'data' directory
Flavors: r-devel-linux-x86_64-debian-clang, r-devel-linux-x86_64-debian-gcc, r-devel-linux-x86_64-fedora-clang, r-devel-linux-x86_64-fedora-gcc, r-devel-windows-x86_64, r-patched-linux-x86_64, r-release-linux-x86_64, r-release-macos-arm64, r-release-macos-x86_64, r-release-windows-x86_64, r-oldrel-macos-arm64, r-oldrel-macos-x86_64, r-oldrel-windows-ix86+x86_64