CRAN Package Check Results for Package GENEAsphere

Last updated on 2019-02-16 13:46:21 CET.

Flavor Version Tinstall Tcheck Ttotal Status Flags
r-devel-linux-x86_64-debian-clang 1.5.0 4.44 47.15 51.59 OK
r-devel-linux-x86_64-debian-gcc 1.5.0 3.65 37.37 41.02 WARN
r-devel-linux-x86_64-fedora-clang 1.5.0 69.53 WARN
r-devel-linux-x86_64-fedora-gcc 1.5.0 59.93 WARN
r-devel-windows-ix86+x86_64 1.5.0 14.00 148.00 162.00 OK
r-patched-linux-x86_64 1.5.0 3.52 43.69 47.21 OK
r-patched-solaris-x86 1.5.0 91.30 OK
r-release-linux-x86_64 1.5.0 OK
r-release-windows-ix86+x86_64 1.5.0 8.00 61.00 69.00 OK
r-release-osx-x86_64 1.5.0 OK
r-oldrel-windows-ix86+x86_64 1.5.0 17.00 163.00 180.00 OK
r-oldrel-osx-x86_64 1.5.0 OK

Check Details

Version: 1.5.0
Check: contents of ‘data’ directory
Result: WARN
    Output for data("SegData"):
     no dataset created
    Output for data("data"):
     no dataset created
Flavor: r-devel-linux-x86_64-debian-gcc

Version: 1.5.0
Check: contents of ‘data’ directory
Result: WARN
    Output for data("SegData"):
     No dataset created in 'envir'
    Output for data("data"):
     No dataset created in 'envir'
Flavors: r-devel-linux-x86_64-fedora-clang, r-devel-linux-x86_64-fedora-gcc