Last updated on 2023-10-01 10:00:16 CEST.
Flavor | Version | Tinstall | Tcheck | Ttotal | Status | Flags |
---|---|---|---|---|---|---|
r-devel-linux-x86_64-debian-clang | 1.1.9 | 110.51 | 132.40 | 242.91 | NOTE | |
r-devel-linux-x86_64-debian-gcc | 1.1.9 | 80.34 | 102.95 | 183.29 | NOTE | |
r-devel-linux-x86_64-fedora-clang | 1.1.9 | 347.21 | NOTE | |||
r-devel-linux-x86_64-fedora-gcc | 1.1.9 | 323.65 | NOTE | |||
r-devel-windows-x86_64 | 1.1.9 | 102.00 | 160.00 | 262.00 | NOTE | |
r-patched-linux-x86_64 | 1.1.9 | 104.17 | 131.27 | 235.44 | NOTE | |
r-release-linux-x86_64 | 1.1.9 | 101.55 | 132.99 | 234.54 | NOTE | |
r-release-macos-arm64 | 1.1.9 | 99.00 | NOTE | |||
r-release-macos-x86_64 | 1.1.9 | 157.00 | NOTE | |||
r-release-windows-x86_64 | 1.1.9 | 131.00 | 197.00 | 328.00 | OK | |
r-oldrel-macos-arm64 | 1.1.9 | 86.00 | OK | |||
r-oldrel-macos-x86_64 | 1.1.9 | 126.00 | OK | |||
r-oldrel-windows-x86_64 | 1.1.9 | 125.00 | 192.00 | 317.00 | OK |
Version: 1.1.9
Check: C++ specification
Result: NOTE
Specified C++11: please drop specification unless essential
Flavors: r-devel-linux-x86_64-debian-clang, r-devel-linux-x86_64-debian-gcc, r-devel-linux-x86_64-fedora-clang, r-devel-linux-x86_64-fedora-gcc, r-patched-linux-x86_64, r-release-linux-x86_64, r-release-macos-arm64, r-release-macos-x86_64
Version: 1.1.9
Check: Rd metadata
Result: NOTE
Invalid package aliases in Rd file 'GenlibR-package.Rd':
‘GenlibR-package’
Flavors: r-devel-linux-x86_64-debian-clang, r-devel-linux-x86_64-debian-gcc, r-devel-linux-x86_64-fedora-clang, r-devel-linux-x86_64-fedora-gcc, r-devel-windows-x86_64