CRAN Package Check Results for Package GERGM

Last updated on 2018-02-22 08:48:38 CET.

Flavor Version Tinstall Tcheck Ttotal Status Flags
r-devel-linux-x86_64-debian-clang 0.11.2 67.69 314.10 381.79 OK
r-devel-linux-x86_64-debian-gcc 0.11.2 60.59 305.02 365.61 OK
r-devel-linux-x86_64-fedora-clang 0.11.2 518.10 OK
r-devel-linux-x86_64-fedora-gcc 0.11.2 597.29 NOTE
r-devel-windows-ix86+x86_64 0.11.2 208.00 410.00 618.00 OK
r-patched-linux-x86_64 0.11.2 69.95 444.92 514.87 OK
r-patched-solaris-x86 0.11.2 848.20 OK
r-release-linux-x86_64 0.11.2 67.19 436.21 503.40 OK
r-release-windows-ix86+x86_64 0.11.2 218.00 515.00 733.00 OK
r-release-osx-x86_64 0.11.2 OK
r-oldrel-windows-ix86+x86_64 0.11.2 153.00 403.00 556.00 OK
r-oldrel-osx-x86_64 0.11.2 OK

Check Details

Version: 0.11.2
Check: installed package size
Result: NOTE
     installed size is 5.4Mb
     sub-directories of 1Mb or more:
     libs 4.2Mb
Flavor: r-devel-linux-x86_64-fedora-gcc