CRAN Package Check Results for Package GERGM

Last updated on 2018-05-27 15:46:55 CEST.

Flavor Version Tinstall Tcheck Ttotal Status Flags
r-devel-linux-x86_64-debian-clang 0.13.0 82.67 296.18 378.85 OK
r-devel-linux-x86_64-debian-gcc 0.13.0 70.43 264.72 335.15 OK
r-devel-linux-x86_64-fedora-clang 0.13.0 491.15 NOTE
r-devel-linux-x86_64-fedora-gcc 0.13.0 537.35 NOTE
r-devel-windows-ix86+x86_64 0.13.0 174.00 351.00 525.00 OK
r-patched-linux-x86_64 0.13.0 90.07 347.66 437.73 OK
r-patched-solaris-x86 0.13.0 797.80 OK
r-release-linux-x86_64 0.13.0 89.69 349.15 438.84 OK
r-release-windows-ix86+x86_64 0.13.0 253.00 421.00 674.00 OK
r-release-osx-x86_64 0.13.0 OK
r-oldrel-windows-ix86+x86_64 0.13.0 257.00 363.00 620.00 OK
r-oldrel-osx-x86_64 0.11.2 OK

Check Details

Version: 0.13.0
Check: installed package size
Result: NOTE
     installed size is 5.1Mb
     sub-directories of 1Mb or more:
     libs 4.0Mb
Flavors: r-devel-linux-x86_64-fedora-clang, r-devel-linux-x86_64-fedora-gcc