CRAN Package Check Results for Package GFD

Last updated on 2018-05-21 15:46:43 CEST.

Flavor Version Tinstall Tcheck Ttotal Status Flags
r-devel-linux-x86_64-debian-clang 0.2.5 2.31 37.89 40.20 OK
r-devel-linux-x86_64-debian-gcc 0.2.5 1.46 33.28 34.74 OK
r-devel-linux-x86_64-fedora-clang 0.2.5 56.93 OK
r-devel-linux-x86_64-fedora-gcc 0.2.5 53.64 OK
r-devel-windows-ix86+x86_64 0.2.5 5.00 53.00 58.00 OK
r-patched-linux-x86_64 0.2.5 1.99 40.87 42.86 OK
r-patched-solaris-x86 0.2.5 75.90 OK
r-release-linux-x86_64 0.2.5 2.15 39.85 42.00 OK
r-release-windows-ix86+x86_64 0.2.5 7.00 89.00 96.00 OK
r-release-osx-x86_64 0.2.5 WARN
r-oldrel-windows-ix86+x86_64 0.2.5 5.00 74.00 79.00 OK
r-oldrel-osx-x86_64 0.2.5 WARN

Check Details

Version: 0.2.5
Check: package dependencies
Result: NOTE
    Package suggested but not available for checking: ‘RGtk2’
Flavors: r-release-osx-x86_64, r-oldrel-osx-x86_64

Version: 0.2.5
Check: re-building of vignette outputs
Result: WARN
    Error in re-building vignettes:
     ...
    Warning in engine$weave(file, quiet = quiet, encoding = enc) :
     Pandoc (>= 1.12.3) and/or pandoc-citeproc not available. Falling back to R Markdown v1.
    Quitting from lines 106-107 (IntroductionToGFD.Rmd)
    Error: processing vignette 'IntroductionToGFD.Rmd' failed with diagnostics:
    there is no package called 'RGtk2'
    Execution halted
Flavors: r-release-osx-x86_64, r-oldrel-osx-x86_64