CRAN Package Check Results for Package GFD

Last updated on 2018-08-21 20:46:29 CEST.

Flavor Version Tinstall Tcheck Ttotal Status Flags
r-devel-linux-x86_64-debian-clang 0.2.5 2.40 43.76 46.16 OK
r-devel-linux-x86_64-debian-gcc 0.2.5 1.75 34.97 36.72 OK
r-devel-linux-x86_64-fedora-clang 0.2.5 54.83 OK
r-devel-linux-x86_64-fedora-gcc 0.2.5 53.43 OK
r-devel-windows-ix86+x86_64 0.2.5 5.00 70.00 75.00 OK
r-patched-linux-x86_64 0.2.5 2.11 41.01 43.12 OK
r-patched-solaris-x86 0.2.5 75.00 OK
r-release-linux-x86_64 0.2.5 1.99 40.56 42.55 OK
r-release-windows-ix86+x86_64 0.2.5 5.00 69.00 74.00 OK
r-release-osx-x86_64 0.2.5 WARN
r-oldrel-windows-ix86+x86_64 0.2.5 3.00 60.00 63.00 OK
r-oldrel-osx-x86_64 0.2.5 WARN

Check Details

Version: 0.2.5
Check: package dependencies
Result: NOTE
    Package suggested but not available for checking: ‘RGtk2’
Flavors: r-release-osx-x86_64, r-oldrel-osx-x86_64

Version: 0.2.5
Check: re-building of vignette outputs
Result: WARN
    Error in re-building vignettes:
     ...
    Warning in engine$weave(file, quiet = quiet, encoding = enc) :
     Pandoc (>= 1.12.3) and/or pandoc-citeproc not available. Falling back to R Markdown v1.
    Quitting from lines 106-107 (IntroductionToGFD.Rmd)
    Error: processing vignette 'IntroductionToGFD.Rmd' failed with diagnostics:
    there is no package called 'RGtk2'
    Execution halted
Flavors: r-release-osx-x86_64, r-oldrel-osx-x86_64