CRAN Package Check Results for Package GFD

Last updated on 2018-02-26 01:46:20 CET.

Flavor Version Tinstall Tcheck Ttotal Status Flags
r-devel-linux-x86_64-debian-clang 0.2.5 1.86 36.16 38.02 OK
r-devel-linux-x86_64-debian-gcc 0.2.5 1.67 31.92 33.59 OK
r-devel-linux-x86_64-fedora-clang 0.2.5 52.23 OK
r-devel-linux-x86_64-fedora-gcc 0.2.5 51.33 OK
r-devel-windows-ix86+x86_64 0.2.5 6.00 70.00 76.00 OK
r-patched-linux-x86_64 0.2.5 0.94 43.75 44.69 OK
r-patched-solaris-x86 0.2.5 70.70 OK
r-release-linux-x86_64 0.2.5 0.72 43.66 44.38 OK
r-release-windows-ix86+x86_64 0.2.5 6.00 76.00 82.00 OK
r-release-osx-x86_64 0.2.5 WARN
r-oldrel-windows-ix86+x86_64 0.2.5 3.00 44.00 47.00 OK
r-oldrel-osx-x86_64 0.2.5 OK

Check Details

Version: 0.2.5
Check: package dependencies
Result: NOTE
    Package suggested but not available for checking: ‘RGtk2’
Flavor: r-release-osx-x86_64

Version: 0.2.5
Check: re-building of vignette outputs
Result: WARN
    Error in re-building vignettes:
     ...
    Warning in engine$weave(file, quiet = quiet, encoding = enc) :
     Pandoc (>= 1.12.3) and/or pandoc-citeproc not available. Falling back to R Markdown v1.
    Quitting from lines 106-107 (IntroductionToGFD.Rmd)
    Error: processing vignette 'IntroductionToGFD.Rmd' failed with diagnostics:
    there is no package called 'RGtk2'
    Execution halted
Flavor: r-release-osx-x86_64