CRAN Package Check Results for Package GFD

Last updated on 2018-11-14 20:46:54 CET.

Flavor Version Tinstall Tcheck Ttotal Status Flags
r-devel-linux-x86_64-debian-clang 0.2.6 2.29 44.93 47.22 OK
r-devel-linux-x86_64-debian-gcc 0.2.6 1.77 35.18 36.95 OK
r-devel-linux-x86_64-fedora-clang 0.2.6 55.33 OK
r-devel-linux-x86_64-fedora-gcc 0.2.6 53.25 OK
r-devel-windows-ix86+x86_64 0.2.6 3.00 65.00 68.00 OK
r-patched-linux-x86_64 0.2.6 2.15 40.50 42.65 OK
r-patched-solaris-x86 0.2.6 73.90 OK
r-release-linux-x86_64 0.2.6 2.26 40.09 42.35 OK
r-release-windows-ix86+x86_64 0.2.6 5.00 54.00 59.00 OK
r-release-osx-x86_64 0.2.6 WARN
r-oldrel-windows-ix86+x86_64 0.2.6 4.00 72.00 76.00 OK
r-oldrel-osx-x86_64 0.2.6 WARN

Check Details

Version: 0.2.6
Check: package dependencies
Result: NOTE
    Package suggested but not available for checking: ‘RGtk2’
Flavors: r-release-osx-x86_64, r-oldrel-osx-x86_64

Version: 0.2.6
Check: re-building of vignette outputs
Result: WARN
    Error in re-building vignettes:
     ...
    Warning in engine$weave(file, quiet = quiet, encoding = enc) :
     Pandoc (>= 1.12.3) and/or pandoc-citeproc not available. Falling back to R Markdown v1.
    Quitting from lines 106-107 (IntroductionToGFD.Rmd)
    Error: processing vignette 'IntroductionToGFD.Rmd' failed with diagnostics:
    there is no package called 'RGtk2'
    Execution halted
Flavors: r-release-osx-x86_64, r-oldrel-osx-x86_64