CRAN Package Check Results for Package GFD

Last updated on 2019-02-15 21:51:18 CET.

Flavor Version Tinstall Tcheck Ttotal Status Flags
r-devel-linux-x86_64-debian-clang 0.2.6 2.75 43.05 45.80 OK
r-devel-linux-x86_64-debian-gcc 0.2.6 1.93 33.89 35.82 OK
r-devel-linux-x86_64-fedora-clang 0.2.6 54.58 OK
r-devel-linux-x86_64-fedora-gcc 0.2.6 53.33 OK
r-devel-windows-ix86+x86_64 0.2.6 11.00 132.00 143.00 OK
r-patched-linux-x86_64 0.2.6 1.37 40.71 42.08 OK
r-patched-solaris-x86 0.2.6 74.90 OK
r-release-linux-x86_64 0.2.6 2.26 40.35 42.61 OK
r-release-windows-ix86+x86_64 0.2.6 4.00 52.00 56.00 OK
r-release-osx-x86_64 0.2.6 WARN
r-oldrel-windows-ix86+x86_64 0.2.6 5.00 106.00 111.00 OK
r-oldrel-osx-x86_64 0.2.6 WARN

Check Details

Version: 0.2.6
Check: package dependencies
Result: NOTE
    Package suggested but not available for checking: ‘RGtk2’
Flavors: r-release-osx-x86_64, r-oldrel-osx-x86_64

Version: 0.2.6
Check: re-building of vignette outputs
Result: WARN
    Error in re-building vignettes:
     ...
    Warning in engine$weave(file, quiet = quiet, encoding = enc) :
     Pandoc (>= 1.12.3) and/or pandoc-citeproc not available. Falling back to R Markdown v1.
    Quitting from lines 106-107 (IntroductionToGFD.Rmd)
    Error: processing vignette 'IntroductionToGFD.Rmd' failed with diagnostics:
    there is no package called 'RGtk2'
    Execution halted
Flavors: r-release-osx-x86_64, r-oldrel-osx-x86_64