Last updated on 2023-12-06 07:50:15 CET.
Flavor | Version | Tinstall | Tcheck | Ttotal | Status | Flags |
---|---|---|---|---|---|---|
r-devel-linux-x86_64-debian-clang | 0.1.0 | 47.81 | 88.95 | 136.76 | OK | |
r-devel-linux-x86_64-debian-gcc | 0.1.0 | 31.14 | 67.11 | 98.25 | OK | |
r-devel-linux-x86_64-fedora-clang | 0.1.0 | 177.53 | OK | |||
r-devel-linux-x86_64-fedora-gcc | 0.1.0 | 173.18 | OK | |||
r-devel-windows-x86_64 | 0.1.0 | 38.00 | 95.00 | 133.00 | OK | |
r-patched-linux-x86_64 | 0.1.0 | 36.25 | 85.78 | 122.03 | OK | |
r-release-linux-x86_64 | 0.1.0 | 43.16 | 86.75 | 129.91 | OK | |
r-release-macos-arm64 | 0.1.0 | 51.00 | OK | |||
r-release-macos-x86_64 | 0.1.0 | 80.00 | OK | |||
r-release-windows-x86_64 | 0.1.0 | 50.00 | 118.00 | 168.00 | OK | |
r-oldrel-macos-arm64 | 0.1.0 | 46.00 | ERROR | |||
r-oldrel-macos-x86_64 | 0.1.0 | 73.00 | ERROR | |||
r-oldrel-windows-x86_64 | 0.1.0 | 46.00 | 117.00 | 163.00 | OK |
Version: 0.1.0
Check: PDF version of manual
Result: WARN
LaTeX errors when creating PDF version.
This typically indicates Rd problems.
LaTeX errors found:
! Undefined control sequence.
<argument> ...s ,C_k)^\top = \mathbf {0}\,\,\text
{and}\,\,\mathcal H_0: \ma...
l.238 ...H} (B_1,\ldots,B_k)^\top = \mathbf{0},}{}
! Undefined control sequence.
<argument> ...\mathbf {C} = \mathbf {0}\,\, \text
{or}\,\,\mathcal H_{0,\ell...
l.249 ...{B} = \mathbf{0}, \,\,\ell=1,\ldots,q,}{}
! Undefined control sequence.
<argument> h_{\ell }^{\top }\pmb
{C}
l.251 ...s \eqn{\mathbf{h_{\ell}^{\top}\pmb{C}}}{}
and
! Undefined control sequence.
<argument> h_{\ell }^{\top }\pmb
{B}
l.252 \eqn{\mathbf{h_{\ell}^{\top}\pmb{B}}}{}
, respectively, are calculated.
! Undefined control sequence.
<argument> h_{\ell }^{\top }\pmb
{C}
l.265 ...r \eqn{\mathbf{h_{\ell}^{\top}\pmb{C}}}{}
and
! Undefined control sequence.
<argument> h_{\ell }^{\top }\pmb
{B}
l.266 for \eqn{\mathbf{h_{\ell}^{\top}\pmb{B}}}{}
, the test statistics and c...
Flavors: r-oldrel-macos-arm64, r-oldrel-macos-x86_64
Version: 0.1.0
Check: PDF version of manual without index
Result: ERROR
Flavors: r-oldrel-macos-arm64, r-oldrel-macos-x86_64