CRAN Package Check Results for Package GGClassification

Last updated on 2022-05-29 00:50:25 CEST.

Flavor Version Tinstall Tcheck Ttotal Status Flags
r-devel-linux-x86_64-debian-clang 0.1 50.25 35.43 85.68 OK
r-devel-linux-x86_64-debian-gcc 0.1 42.43 28.01 70.44 OK
r-devel-linux-x86_64-fedora-clang 0.1 133.95 NOTE
r-devel-linux-x86_64-fedora-gcc 0.1 119.30 OK
r-devel-windows-x86_64 0.1 47.00 73.00 120.00 OK
r-patched-linux-x86_64 0.1 45.73 35.81 81.54 OK
r-release-linux-x86_64 0.1 44.71 35.63 80.34 OK
r-release-macos-arm64 0.1 31.00 NOTE
r-release-macos-x86_64 0.1 40.00 NOTE
r-release-windows-x86_64 0.1 64.00 73.00 137.00 OK
r-oldrel-macos-arm64 0.1 37.00 NOTE
r-oldrel-macos-x86_64 0.1 62.00 NOTE
r-oldrel-windows-ix86+x86_64 0.1 127.00 72.00 199.00 OK

Check Details

Version: 0.1
Check: installed package size
Result: NOTE
     installed size is 6.6Mb
     sub-directories of 1Mb or more:
     libs 6.5Mb
Flavors: r-devel-linux-x86_64-fedora-clang, r-release-macos-arm64, r-release-macos-x86_64, r-oldrel-macos-arm64, r-oldrel-macos-x86_64