CRAN Package Check Results for Package GGEBiplots

Last updated on 2021-05-13 22:51:00 CEST.

Flavor Version Tinstall Tcheck Ttotal Status Flags
r-devel-linux-x86_64-debian-clang 0.1.1 6.68 62.06 68.74 NOTE
r-devel-linux-x86_64-debian-gcc 0.1.1 5.07 46.78 51.85 NOTE
r-devel-linux-x86_64-fedora-clang 0.1.1 93.95 NOTE
r-devel-linux-x86_64-fedora-gcc 0.1.1 84.32 NOTE
r-devel-windows-ix86+x86_64 0.1.1 16.00 88.00 104.00 NOTE
r-devel-windows-x86_64-gcc10-UCRT 0.1.1 NOTE
r-patched-linux-x86_64 0.1.1 5.77 58.65 64.42 NOTE
r-patched-solaris-x86 0.1.1 112.40 NOTE
r-release-linux-x86_64 0.1.1 5.42 58.45 63.87 OK
r-release-macos-x86_64 0.1.1 NOTE
r-release-windows-ix86+x86_64 0.1.1 13.00 81.00 94.00 OK
r-oldrel-macos-x86_64 0.1.1 NOTE
r-oldrel-windows-ix86+x86_64 0.1.1 13.00 79.00 92.00 OK

Check Details

Version: 0.1.1
Check: LazyData
Result: NOTE
     'LazyData' is specified without a 'data' directory
Flavors: r-devel-linux-x86_64-debian-clang, r-devel-linux-x86_64-debian-gcc, r-devel-linux-x86_64-fedora-clang, r-devel-linux-x86_64-fedora-gcc, r-devel-windows-ix86+x86_64, r-devel-windows-x86_64-gcc10-UCRT, r-patched-linux-x86_64, r-patched-solaris-x86

Version: 0.1.1
Check: dependencies in R code
Result: NOTE
    Namespaces in Imports field not imported from:
     ‘GGEBiplotGUI’ ‘gge’ ‘utils’
     All declared Imports should be used.
Flavors: r-devel-linux-x86_64-fedora-clang, r-devel-linux-x86_64-fedora-gcc, r-devel-windows-x86_64-gcc10-UCRT, r-patched-solaris-x86, r-release-macos-x86_64, r-oldrel-macos-x86_64