CRAN Package Check Results for Package GGIR

Last updated on 2018-02-22 20:46:32 CET.

Flavor Version Tinstall Tcheck Ttotal Status Flags
r-devel-linux-x86_64-debian-clang 1.5-17 33.79 247.09 280.88 OK
r-devel-linux-x86_64-debian-gcc 1.5-17 26.04 211.30 237.34 OK
r-devel-linux-x86_64-fedora-clang 1.5-17 346.03 OK
r-devel-linux-x86_64-fedora-gcc 1.5-17 200.09 NOTE
r-devel-windows-ix86+x86_64 1.5-17 81.00 1037.00 1118.00 NOTE
r-patched-linux-x86_64 1.5-17 16.79 278.41 295.20 OK
r-patched-solaris-x86 1.5-17 794.50 OK
r-release-linux-x86_64 1.5-17 16.46 276.55 293.01 OK
r-release-windows-ix86+x86_64 1.5-17 46.00 1083.00 1129.00 NOTE
r-release-osx-x86_64 1.5-17 OK
r-oldrel-windows-ix86+x86_64 1.5-17 41.00 1070.00 1111.00 NOTE
r-oldrel-osx-x86_64 1.5-12 OK

Check Details

Version: 1.5-17
Check: installed package size
Result: NOTE
     installed size is 5.3Mb
     sub-directories of 1Mb or more:
     data 2.4Mb
     doc 1.2Mb
Flavors: r-devel-linux-x86_64-fedora-gcc, r-devel-windows-ix86+x86_64, r-release-windows-ix86+x86_64, r-oldrel-windows-ix86+x86_64