CRAN Package Check Results for Package GGIR

Last updated on 2018-05-27 18:51:29 CEST.

Flavor Version Tinstall Tcheck Ttotal Status Flags
r-devel-linux-x86_64-debian-clang 1.5-21 35.73 261.89 297.62 OK
r-devel-linux-x86_64-debian-gcc 1.5-21 28.99 196.60 225.59 NOTE
r-devel-linux-x86_64-fedora-clang 1.5-21 329.72 NOTE
r-devel-linux-x86_64-fedora-gcc 1.5-21 303.39 NOTE
r-devel-windows-ix86+x86_64 1.5-21 59.00 967.00 1026.00 OK
r-patched-linux-x86_64 1.5-21 34.93 254.54 289.47 NOTE
r-patched-solaris-x86 1.5-21 849.30 NOTE
r-release-linux-x86_64 1.5-21 37.68 251.21 288.89 NOTE
r-release-windows-ix86+x86_64 1.5-21 74.00 1206.00 1280.00 OK
r-release-osx-x86_64 1.5-21 OK
r-oldrel-windows-ix86+x86_64 1.5-21 63.00 1045.00 1108.00 OK
r-oldrel-osx-x86_64 1.5-18 OK

Check Details

Version: 1.5-21
Check: package dependencies
Result: NOTE
    Package suggested but not available for checking: ‘GENEAread’
Flavors: r-devel-linux-x86_64-debian-gcc, r-devel-linux-x86_64-fedora-clang, r-devel-linux-x86_64-fedora-gcc, r-patched-linux-x86_64, r-patched-solaris-x86, r-release-linux-x86_64