Last updated on 2023-10-02 03:02:54 CEST.
Flavor | Version | Tinstall | Tcheck | Ttotal | Status | Flags |
---|---|---|---|---|---|---|
r-devel-linux-x86_64-debian-clang | 2.1.2 | 14.74 | 477.12 | 491.86 | OK | |
r-devel-linux-x86_64-debian-gcc | 2.1.2 | 10.80 | 344.16 | 354.96 | OK | |
r-devel-linux-x86_64-fedora-clang | 2.1.2 | 568.58 | NOTE | |||
r-devel-linux-x86_64-fedora-gcc | 2.1.2 | 590.22 | OK | |||
r-devel-windows-x86_64 | 2.1.2 | 17.00 | 314.00 | 331.00 | OK | |
r-patched-linux-x86_64 | 2.1.2 | 17.33 | 457.19 | 474.52 | OK | |
r-release-linux-x86_64 | 2.1.2 | 12.57 | 458.85 | 471.42 | OK | |
r-release-macos-arm64 | 2.1.2 | 179.00 | OK | |||
r-release-macos-x86_64 | 2.1.2 | 301.00 | OK | |||
r-release-windows-x86_64 | 2.1.2 | 21.00 | 416.00 | 437.00 | OK | |
r-oldrel-macos-arm64 | 2.1.2 | 125.00 | OK | |||
r-oldrel-macos-x86_64 | 2.1.2 | 246.00 | NOTE | |||
r-oldrel-windows-x86_64 | 2.1.2 | 21.00 | 404.00 | 425.00 | OK |
Version: 2.1.2
Check: Rd cross-references
Result: NOTE
Undeclared packages ‘glue’, ‘magrittr’ in Rd xrefs
Flavor: r-devel-linux-x86_64-fedora-clang
Version: 2.1.2
Check: package dependencies
Result: NOTE
Package suggested but not available for checking: ‘scagnostics’
Flavor: r-oldrel-macos-x86_64