CRAN Package Check Results for Package GIGrvg

Last updated on 2024-02-25 14:48:21 CET.

Flavor Version Tinstall Tcheck Ttotal Status Flags
r-devel-linux-x86_64-debian-clang 0.8 2.66 23.10 25.76 OK
r-devel-linux-x86_64-debian-gcc 0.8 1.87 18.45 20.32 OK
r-devel-linux-x86_64-fedora-clang 0.8 32.90 NOTE
r-devel-linux-x86_64-fedora-gcc 0.8 32.07 OK
r-devel-windows-x86_64 0.8 5.00 45.00 50.00 OK
r-patched-linux-x86_64 0.8 2.96 22.95 25.91 OK
r-release-linux-x86_64 0.8 2.09 22.90 24.99 OK
r-release-macos-arm64 0.8 17.00 OK
r-release-macos-x86_64 0.8 23.00 OK
r-release-windows-x86_64 0.8 8.00 44.00 52.00 OK
r-oldrel-macos-arm64 0.8 20.00 OK
r-oldrel-windows-x86_64 0.8 16.00 49.00 65.00 OK

Check Details

Version: 0.8
Check: Rd cross-references
Result: NOTE Undeclared package ‘Runuran’ in Rd xrefs Flavor: r-devel-linux-x86_64-fedora-clang