CRAN Package Check Results for Package GLDEX

Last updated on 2019-06-17 09:49:43 CEST.

Flavor Version Tinstall Tcheck Ttotal Status Flags
r-devel-linux-x86_64-debian-clang 2.0.0.5 10.97 52.67 63.64 OK
r-devel-linux-x86_64-debian-gcc 2.0.0.5 8.71 41.56 50.27 OK
r-devel-linux-x86_64-fedora-clang 2.0.0.5 75.54 NOTE
r-devel-linux-x86_64-fedora-gcc 2.0.0.5 73.02 NOTE
r-devel-windows-ix86+x86_64 2.0.0.5 32.00 89.00 121.00 OK
r-patched-linux-x86_64 2.0.0.5 10.78 54.61 65.39 OK
r-patched-solaris-x86 2.0.0.5 108.00 OK
r-release-linux-x86_64 2.0.0.5 10.71 55.11 65.82 OK
r-release-windows-ix86+x86_64 2.0.0.5 20.00 104.00 124.00 OK
r-release-osx-x86_64 2.0.0.5 OK
r-oldrel-windows-ix86+x86_64 2.0.0.5 16.00 99.00 115.00 OK
r-oldrel-osx-x86_64 2.0.0.5 OK

Check Details

Version: 2.0.0.5
Check: compiled code
Result: NOTE
    File ‘GLDEX/libs/GLDEX.so’:
     Found no calls to: ‘R_registerRoutines’, ‘R_useDynamicSymbols’
    
    It is good practice to register native routines and to disable symbol
    search.
    
    See ‘Writing portable packages’ in the ‘Writing R Extensions’ manual.
Flavors: r-devel-linux-x86_64-fedora-clang, r-devel-linux-x86_64-fedora-gcc