CRAN Package Check Results for Package GLDreg

Last updated on 2022-12-10 08:53:34 CET.

Flavor Version Tinstall Tcheck Ttotal Status Flags
r-devel-linux-x86_64-debian-clang 1.1.0 3.98 62.78 66.76 NOTE
r-devel-linux-x86_64-debian-gcc 1.1.0 3.89 49.58 53.47 NOTE
r-devel-linux-x86_64-fedora-clang 1.1.0 91.50 NOTE
r-devel-linux-x86_64-fedora-gcc 1.1.0 94.12 NOTE
r-devel-windows-x86_64 1.1.0 15.00 105.00 120.00 OK
r-patched-linux-x86_64 1.1.0 5.66 57.75 63.41 NOTE
r-release-linux-x86_64 1.1.0 5.13 57.44 62.57 NOTE
r-release-macos-arm64 1.1.0 29.00 OK
r-release-macos-x86_64 1.1.0 40.00 OK
r-release-windows-x86_64 1.1.0 16.00 96.00 112.00 OK
r-oldrel-macos-arm64 1.1.0 30.00 OK
r-oldrel-macos-x86_64 1.1.0 36.00 OK
r-oldrel-windows-ix86+x86_64 1.1.0 11.00 92.00 103.00 OK

Check Details

Version: 1.1.0
Check: package dependencies
Result: NOTE
    Package suggested but not available for checking: 'mlr3proba'
Flavors: r-devel-linux-x86_64-debian-clang, r-devel-linux-x86_64-debian-gcc, r-devel-linux-x86_64-fedora-clang, r-devel-linux-x86_64-fedora-gcc, r-patched-linux-x86_64, r-release-linux-x86_64