CRAN Package Check Results for Package GLMaSPU

Last updated on 2018-01-16 21:50:58 CET.

Flavor Version Tinstall Tcheck Ttotal Status Flags
r-devel-linux-x86_64-debian-clang 1.0 17.22 26.19 43.41 NOTE
r-devel-linux-x86_64-debian-gcc 1.0 16.88 20.54 37.42 NOTE
r-devel-linux-x86_64-fedora-clang 1.0 61.50 NOTE
r-devel-linux-x86_64-fedora-gcc 1.0 59.93 NOTE
r-devel-windows-ix86+x86_64 1.0 63.00 54.00 117.00 OK
r-patched-linux-x86_64 1.0 19.72 24.62 44.34 NOTE
r-patched-solaris-x86 1.0 72.30 OK
r-release-linux-x86_64 1.0 18.96 24.68 43.64 NOTE
r-release-windows-ix86+x86_64 1.0 55.00 77.00 132.00 OK
r-release-osx-x86_64 1.0 OK
r-oldrel-windows-ix86+x86_64 1.0 59.00 49.00 108.00 OK
r-oldrel-osx-x86_64 1.0 OK

Check Details

Version: 1.0
Check: compiled code
Result: NOTE
    File ‘GLMaSPU/libs/GLMaSPU.so’:
     Found no calls to: ‘R_registerRoutines’, ‘R_useDynamicSymbols’
    
    It is good practice to register native routines and to disable symbol
    search.
    
    See ‘Writing portable packages’ in the ‘Writing R Extensions’ manual.
Flavors: r-devel-linux-x86_64-debian-clang, r-devel-linux-x86_64-debian-gcc, r-devel-linux-x86_64-fedora-clang, r-devel-linux-x86_64-fedora-gcc, r-patched-linux-x86_64, r-release-linux-x86_64