CRAN Package Check Results for Package GLMaSPU

Last updated on 2018-09-22 04:52:13 CEST.

Flavor Version Tinstall Tcheck Ttotal Status Flags
r-devel-linux-x86_64-debian-clang 1.0 26.03 27.96 53.99 OK
r-devel-linux-x86_64-debian-gcc 1.0 22.86 22.27 45.13 OK
r-devel-linux-x86_64-fedora-clang 1.0 71.98 NOTE
r-devel-linux-x86_64-fedora-gcc 1.0 67.87 NOTE
r-devel-windows-ix86+x86_64 1.0 60.00 80.00 140.00 OK
r-patched-linux-x86_64 1.0 27.09 24.94 52.03 OK
r-patched-solaris-x86 1.0 74.50 OK
r-release-linux-x86_64 1.0 25.68 25.29 50.97 OK
r-release-windows-ix86+x86_64 1.0 43.00 71.00 114.00 OK
r-release-osx-x86_64 1.0 OK
r-oldrel-windows-ix86+x86_64 1.0 45.00 71.00 116.00 OK
r-oldrel-osx-x86_64 1.0 OK

Check Details

Version: 1.0
Check: compiled code
Result: NOTE
    File ‘GLMaSPU/libs/GLMaSPU.so’:
     Found no calls to: ‘R_registerRoutines’, ‘R_useDynamicSymbols’
    
    It is good practice to register native routines and to disable symbol
    search.
    
    See ‘Writing portable packages’ in the ‘Writing R Extensions’ manual.
Flavors: r-devel-linux-x86_64-fedora-clang, r-devel-linux-x86_64-fedora-gcc