CRAN Package Check Results for Package GLMaSPU

Last updated on 2018-06-17 22:49:13 CEST.

Flavor Version Tinstall Tcheck Ttotal Status Flags
r-devel-linux-x86_64-debian-clang 1.0 21.28 27.64 48.92 NOTE
r-devel-linux-x86_64-debian-gcc 1.0 20.40 21.62 42.02 NOTE
r-devel-linux-x86_64-fedora-clang 1.0 65.87 NOTE
r-devel-linux-x86_64-fedora-gcc 1.0 60.29 NOTE
r-devel-windows-ix86+x86_64 1.0 62.00 71.00 133.00 OK
r-patched-linux-x86_64 1.0 24.90 25.27 50.17 NOTE
r-patched-solaris-x86 1.0 75.70 OK
r-release-linux-x86_64 1.0 25.25 24.66 49.91 NOTE
r-release-windows-ix86+x86_64 1.0 59.00 57.00 116.00 OK
r-release-osx-x86_64 1.0 OK
r-oldrel-windows-ix86+x86_64 1.0 42.00 74.00 116.00 OK
r-oldrel-osx-x86_64 1.0 OK

Check Details

Version: 1.0
Check: compiled code
Result: NOTE
    File ‘GLMaSPU/libs/GLMaSPU.so’:
     Found no calls to: ‘R_registerRoutines’, ‘R_useDynamicSymbols’
    
    It is good practice to register native routines and to disable symbol
    search.
    
    See ‘Writing portable packages’ in the ‘Writing R Extensions’ manual.
Flavors: r-devel-linux-x86_64-debian-clang, r-devel-linux-x86_64-debian-gcc, r-devel-linux-x86_64-fedora-clang, r-devel-linux-x86_64-fedora-gcc, r-patched-linux-x86_64, r-release-linux-x86_64