CRAN Package Check Results for Package GLMaSPU

Last updated on 2018-12-17 15:49:17 CET.

Flavor Version Tinstall Tcheck Ttotal Status Flags
r-devel-linux-x86_64-debian-clang 1.0 25.02 1.61 26.63 ERROR
r-devel-linux-x86_64-debian-gcc 1.0 20.15 1.63 21.78 ERROR
r-devel-linux-x86_64-fedora-clang 1.0 78.40 NOTE
r-devel-linux-x86_64-fedora-gcc 1.0 65.77 NOTE
r-devel-windows-ix86+x86_64 1.0 62.00 77.00 139.00 OK
r-patched-linux-x86_64 1.0 27.29 1.60 28.89 ERROR
r-patched-solaris-x86 1.0 75.40 OK
r-release-linux-x86_64 1.0 26.50 25.58 52.08 OK
r-release-windows-ix86+x86_64 1.0 51.00 79.00 130.00 OK
r-release-osx-x86_64 1.0 OK
r-oldrel-windows-ix86+x86_64 1.0 61.00 72.00 133.00 OK
r-oldrel-osx-x86_64 1.0 OK

Check Details

Version: 1.0
Check: whether the package can be loaded
Result: ERROR
    Loading this package had a fatal error status code 1
    Loading log:
    Loading required package: mvtnorm
    Error: package or namespace load failed for ‘mvtnorm’ in dyn.load(file, DLLpath = DLLpath, ...):
     unable to load shared object ‘/home/hornik/tmp/R.check/r-devel-clang/Work/build/Packages/mvtnorm/libs/mvtnorm.so’:
     /home/hornik/tmp/R.check/r-devel-clang/Work/build/Packages/mvtnorm/libs/mvtnorm.so: failed to map segment from shared object
    Error: package ‘mvtnorm’ could not be loaded
    Execution halted
Flavor: r-devel-linux-x86_64-debian-clang

Version: 1.0
Check: whether the package can be loaded
Result: ERROR
    Loading this package had a fatal error status code 1
    Loading log:
    Loading required package: mvtnorm
    Error: package or namespace load failed for ‘mvtnorm’ in dyn.load(file, DLLpath = DLLpath, ...):
     unable to load shared object ‘/home/hornik/tmp/R.check/r-devel-gcc/Work/build/Packages/mvtnorm/libs/mvtnorm.so’:
     /home/hornik/tmp/R.check/r-devel-gcc/Work/build/Packages/mvtnorm/libs/mvtnorm.so: failed to map segment from shared object
    Error: package ‘mvtnorm’ could not be loaded
    Execution halted
Flavor: r-devel-linux-x86_64-debian-gcc

Version: 1.0
Check: compiled code
Result: NOTE
    File ‘GLMaSPU/libs/GLMaSPU.so’:
     Found no calls to: ‘R_registerRoutines’, ‘R_useDynamicSymbols’
    
    It is good practice to register native routines and to disable symbol
    search.
    
    See ‘Writing portable packages’ in the ‘Writing R Extensions’ manual.
Flavors: r-devel-linux-x86_64-fedora-clang, r-devel-linux-x86_64-fedora-gcc

Version: 1.0
Check: whether the package can be loaded
Result: ERROR
    Loading this package had a fatal error status code 1
    Loading log:
    Loading required package: mvtnorm
    Error: package or namespace load failed for ‘mvtnorm’ in dyn.load(file, DLLpath = DLLpath, ...):
     unable to load shared object ‘/home/hornik/tmp/R.check/r-patched-gcc/Work/build/Packages/mvtnorm/libs/mvtnorm.so’:
     /home/hornik/tmp/R.check/r-patched-gcc/Work/build/Packages/mvtnorm/libs/mvtnorm.so: failed to map segment from shared object
    Error: package ‘mvtnorm’ could not be loaded
    Execution halted
Flavor: r-patched-linux-x86_64