CRAN Package Check Results for Package GMCM

Last updated on 2018-10-17 07:50:58 CEST.

Flavor Version Tinstall Tcheck Ttotal Status Flags
r-devel-linux-x86_64-debian-clang 1.2.4 26.36 121.40 147.76 OK
r-devel-linux-x86_64-debian-gcc 1.2.4 24.91 95.14 120.05 OK
r-devel-linux-x86_64-fedora-clang 1.2.4 187.21 NOTE
r-devel-linux-x86_64-fedora-gcc 1.2.4 192.20 NOTE
r-devel-windows-ix86+x86_64 1.2.4 72.00 263.00 335.00 OK
r-patched-linux-x86_64 1.2.4 29.85 115.32 145.17 OK
r-patched-solaris-x86 1.2.4 261.50 OK
r-release-linux-x86_64 1.2.4 31.55 116.03 147.58 OK
r-release-windows-ix86+x86_64 1.2.4 54.00 261.00 315.00 OK
r-release-osx-x86_64 1.2.4 OK
r-oldrel-windows-ix86+x86_64 1.2.4 63.00 273.00 336.00 OK
r-oldrel-osx-x86_64 1.2.4 WARN

Additional issues

OpenBLAS

Check Details

Version: 1.2.4
Check: compiled code
Result: NOTE
    File ‘GMCM/libs/GMCM.so’:
     Found no calls to: ‘R_registerRoutines’, ‘R_useDynamicSymbols’
    
    It is good practice to register native routines and to disable symbol
    search.
    
    See ‘Writing portable packages’ in the ‘Writing R Extensions’ manual.
Flavors: r-devel-linux-x86_64-fedora-clang, r-devel-linux-x86_64-fedora-gcc

Version: 1.2.4
Check: re-building of vignette outputs
Result: WARN
    Error in re-building vignettes:
     ...
    The following objects are masked from 'package:base':
    
     format.pval, round.POSIXt, trunc.POSIXt, units
    
    trying URL 'http://i.space.com/images/i/000/010/634/original/shuttle-atlantis-lifts-off.jpg?1309297321'
    Content type 'image/jpeg' length 776635 bytes (758 KB)
    ==================================================
    downloaded 758 KB
    
    Error in texi2dvi(file = file, pdf = TRUE, clean = clean, quiet = quiet, :
     Running 'texi2dvi' on 'GMCM-JStatSoft.tex' failed.
    LaTeX errors:
    ! LaTeX Error: File `dsfont.sty' not found.
    
    Type X to quit or <RETURN> to proceed,
    or enter new name. (Default extension: sty)
    
    ! Emergency stop.
    <read *>
    
    l.117 ^^M
    
    ! ==> Fatal error occurred, no output PDF file produced!
    Calls: buildVignettes -> texi2pdf -> texi2dvi
    Execution halted
Flavor: r-oldrel-osx-x86_64