Last updated on 2022-06-30 22:55:31 CEST.
Flavor | Version | Tinstall | Tcheck | Ttotal | Status | Flags |
---|---|---|---|---|---|---|
r-devel-linux-x86_64-debian-clang | 1.3.2 | 82.94 | 568.45 | 651.39 | OK | |
r-devel-linux-x86_64-debian-gcc | 1.3.2 | 75.80 | 419.96 | 495.76 | OK | |
r-devel-linux-x86_64-fedora-clang | 1.3.2 | 847.81 | NOTE | |||
r-devel-linux-x86_64-fedora-gcc | 1.3.2 | 854.99 | OK | |||
r-devel-windows-x86_64 | 1.3.2 | 112.00 | 635.00 | 747.00 | NOTE | |
r-patched-linux-x86_64 | 1.3.2 | 87.27 | 548.18 | 635.45 | OK | |
r-release-linux-x86_64 | 1.3.2 | 80.84 | 536.20 | 617.04 | OK | |
r-release-macos-arm64 | 1.3.2 | 5.00 | ERROR | |||
r-release-macos-x86_64 | 1.3.2 | 475.00 | NOTE | |||
r-release-windows-x86_64 | 1.3.2 | 107.00 | 641.00 | 748.00 | NOTE | |
r-oldrel-macos-arm64 | 1.3.2 | 497.00 | NOTE | |||
r-oldrel-macos-x86_64 | 1.3.2 | 440.00 | NOTE | |||
r-oldrel-windows-ix86+x86_64 | 1.3.2 | 202.00 | 779.00 | 981.00 | NOTE |
Version: 1.3.2
Check: installed package size
Result: NOTE
installed size is 6.4Mb
sub-directories of 1Mb or more:
libs 4.5Mb
Flavors: r-devel-linux-x86_64-fedora-clang, r-release-macos-x86_64, r-oldrel-macos-arm64, r-oldrel-macos-x86_64
Version: 1.3.2
Check: package dependencies
Result: NOTE
Package suggested but not available for checking: 'doMC'
Flavors: r-devel-windows-x86_64, r-release-windows-x86_64, r-oldrel-windows-ix86+x86_64
Version: 1.3.2
Check: package dependencies
Result: ERROR
Package required but not available: ‘SeqArray’
See section ‘The DESCRIPTION file’ in the ‘Writing R Extensions’
manual.
Flavor: r-release-macos-arm64