CRAN Package Check Results for Package GMMAT

Last updated on 2020-02-27 17:50:56 CET.

Flavor Version Tinstall Tcheck Ttotal Status Flags
r-devel-linux-x86_64-debian-clang 1.1.2 62.73 505.78 568.51 OK
r-devel-linux-x86_64-debian-gcc 1.1.2 53.87 383.77 437.64 OK
r-devel-linux-x86_64-fedora-clang 1.1.2 703.24 NOTE
r-devel-linux-x86_64-fedora-gcc 1.1.2 675.48 OK
r-devel-windows-ix86+x86_64 1.1.2 105.00 604.00 709.00 NOTE
r-devel-windows-ix86+x86_64-gcc8 1.1.2 107.00 615.00 722.00 WARN
r-patched-linux-x86_64 1.1.2 56.91 449.68 506.59 OK
r-patched-solaris-x86 1.1.2 4.00 ERROR
r-release-linux-x86_64 1.1.2 54.26 453.83 508.09 OK
r-release-windows-ix86+x86_64 1.1.2 111.00 560.00 671.00 WARN
r-release-osx-x86_64 1.1.2 ERROR
r-oldrel-windows-ix86+x86_64 1.1.2 89.00 547.00 636.00 NOTE
r-oldrel-osx-x86_64 1.1.2 ERROR

Check Details

Version: 1.1.2
Check: installed package size
Result: NOTE
     installed size is 6.7Mb
     sub-directories of 1Mb or more:
     libs 4.9Mb
Flavor: r-devel-linux-x86_64-fedora-clang

Version: 1.1.2
Check: package dependencies
Result: NOTE
    Package suggested but not available for checking: 'doMC'
Flavors: r-devel-windows-ix86+x86_64, r-devel-windows-ix86+x86_64-gcc8, r-release-windows-ix86+x86_64, r-oldrel-windows-ix86+x86_64

Version: 1.1.2
Check: whether package can be installed
Result: WARN
    Found the following significant warnings:
     Warning: namespace 'lme4' is not available and has been replaced
Flavors: r-devel-windows-ix86+x86_64-gcc8, r-release-windows-ix86+x86_64

Version: 1.1.2
Check: package dependencies
Result: ERROR
    Packages required but not available: 'SeqArray', 'SeqVarTools'
    
    See section ‘The DESCRIPTION file’ in the ‘Writing R Extensions’
    manual.
Flavor: r-patched-solaris-x86

Version: 1.1.2
Check: whether package can be installed
Result: ERROR
    Installation failed.
Flavor: r-release-osx-x86_64

Version: 1.1.2
Check: package dependencies
Result: ERROR
    Packages required but not available: ‘SeqArray’ ‘SeqVarTools’
    
    See section ‘The DESCRIPTION file’ in the ‘Writing R Extensions’
    manual.
Flavor: r-oldrel-osx-x86_64