CRAN Package Check Results for Package GMMAT

Last updated on 2019-09-19 08:50:56 CEST.

Flavor Version Tinstall Tcheck Ttotal Status Flags
r-devel-linux-x86_64-debian-clang 1.1.1 59.59 485.29 544.88 OK
r-devel-linux-x86_64-debian-gcc 1.1.1 54.94 367.82 422.76 OK
r-devel-linux-x86_64-fedora-clang 1.1.1 701.25 NOTE
r-devel-linux-x86_64-fedora-gcc 1.1.1 647.42 OK
r-devel-windows-ix86+x86_64 1.1.1 137.00 744.00 881.00 NOTE
r-patched-linux-x86_64 1.1.1 54.08 455.10 509.18 OK
r-patched-solaris-x86 1.1.1 3.80 ERROR
r-release-linux-x86_64 1.1.1 53.77 464.34 518.11 OK
r-release-windows-ix86+x86_64 1.1.1 97.00 549.00 646.00 NOTE
r-release-osx-x86_64 1.1.1 ERROR
r-oldrel-windows-ix86+x86_64 1.1.1 79.00 554.00 633.00 NOTE
r-oldrel-osx-x86_64 1.1.1 ERROR

Check Details

Version: 1.1.1
Check: installed package size
Result: NOTE
     installed size is 6.6Mb
     sub-directories of 1Mb or more:
     libs 4.8Mb
Flavor: r-devel-linux-x86_64-fedora-clang

Version: 1.1.1
Check: package dependencies
Result: NOTE
    Package suggested but not available for checking: 'doMC'
Flavors: r-devel-windows-ix86+x86_64, r-release-windows-ix86+x86_64, r-oldrel-windows-ix86+x86_64

Version: 1.1.1
Check: package dependencies
Result: ERROR
    Packages required but not available: 'SeqArray', 'SeqVarTools'
    
    See section ‘The DESCRIPTION file’ in the ‘Writing R Extensions’
    manual.
Flavors: r-patched-solaris-x86, r-release-osx-x86_64

Version: 1.1.1
Check: package dependencies
Result: ERROR
    Packages required but not available: ‘SeqArray’ ‘SeqVarTools’
    
    See section ‘The DESCRIPTION file’ in the ‘Writing R Extensions’
    manual.
Flavor: r-oldrel-osx-x86_64