CRAN Package Check Results for Package GMSE

Last updated on 2018-02-22 15:49:13 CET.

Flavor Version Tinstall Tcheck Ttotal Status Flags
r-devel-linux-x86_64-debian-clang 0.3.1.9 9.56 44.27 53.83 NOTE
r-devel-linux-x86_64-debian-gcc 0.3.1.9 8.16 39.80 47.96 NOTE
r-devel-linux-x86_64-fedora-clang 0.3.1.9 74.14 NOTE
r-devel-linux-x86_64-fedora-gcc 0.3.1.9 71.39 NOTE
r-devel-windows-ix86+x86_64 0.3.1.9 27.00 88.00 115.00 OK
r-patched-linux-x86_64 0.3.1.9 5.45 57.88 63.33 OK
r-patched-solaris-x86 0.3.1.9 107.20 OK
r-release-linux-x86_64 0.3.1.9 5.12 58.28 63.40 OK
r-release-windows-ix86+x86_64 0.3.1.9 21.00 119.00 140.00 OK
r-release-osx-x86_64 0.3.1.9 OK
r-oldrel-windows-ix86+x86_64 0.3.1.9 16.00 82.00 98.00 OK
r-oldrel-osx-x86_64 0.3.1.9 ERROR

Check Details

Version: 0.3.1.9
Check: DESCRIPTION meta-information
Result: NOTE
    Dependence on R version ‘3.3.3’ not with patchlevel 0
Flavors: r-devel-linux-x86_64-debian-clang, r-devel-linux-x86_64-debian-gcc, r-devel-linux-x86_64-fedora-clang, r-devel-linux-x86_64-fedora-gcc

Version: 0.3.1.9
Check: whether package can be installed
Result: ERROR
    Installation failed.
Flavor: r-oldrel-osx-x86_64