CRAN Package Check Results for Package GNRS

Last updated on 2022-12-07 17:50:27 CET.

Flavor Version Tinstall Tcheck Ttotal Status Flags
r-devel-linux-x86_64-debian-clang 0.3.4 6.30 55.03 61.33 OK
r-devel-linux-x86_64-debian-gcc 0.3.4 4.51 43.40 47.91 OK
r-devel-linux-x86_64-fedora-clang 0.3.4 83.06 NOTE
r-devel-linux-x86_64-fedora-gcc 0.3.4 96.63 NOTE
r-devel-windows-x86_64 0.3.4 16.00 100.00 116.00 OK
r-patched-linux-x86_64 0.3.4 5.87 56.07 61.94 OK
r-release-linux-x86_64 0.3.4 4.81 56.00 60.81 OK
r-release-macos-arm64 0.3.4 59.00 NOTE
r-release-macos-x86_64 0.3.4 69.00 NOTE
r-release-windows-x86_64 0.3.4 20.00 106.00 126.00 OK
r-oldrel-macos-arm64 0.3.4 70.00 NOTE
r-oldrel-macos-x86_64 0.3.4 66.00 NOTE
r-oldrel-windows-ix86+x86_64 0.3.4 8.00 93.00 101.00 OK

Check Details

Version: 0.3.4
Check: data for non-ASCII characters
Result: NOTE
     Note: found 3 marked UTF-8 strings
Flavors: r-devel-linux-x86_64-fedora-clang, r-devel-linux-x86_64-fedora-gcc, r-release-macos-arm64, r-release-macos-x86_64, r-oldrel-macos-arm64, r-oldrel-macos-x86_64