Last updated on 2022-08-08 20:53:48 CEST.
Flavor | Version | Tinstall | Tcheck | Ttotal | Status | Flags |
---|---|---|---|---|---|---|
r-devel-linux-x86_64-debian-clang | 2022.4-1 | 3.37 | 42.58 | 45.95 | NOTE | |
r-devel-linux-x86_64-debian-gcc | 2022.4-1 | 2.28 | 32.81 | 35.09 | NOTE | |
r-devel-linux-x86_64-fedora-clang | 2022.4-1 | 67.56 | NOTE | |||
r-devel-linux-x86_64-fedora-gcc | 2022.4-1 | 420.77 | NOTE | |||
r-devel-windows-x86_64 | 2022.4-1 | 29.00 | 80.00 | 109.00 | NOTE | |
r-patched-linux-x86_64 | 2022.4-1 | 3.54 | 43.99 | 47.53 | OK | |
r-release-linux-x86_64 | 2022.4-1 | OK | ||||
r-release-macos-arm64 | 2022.4-1 | 132.00 | OK | |||
r-release-macos-x86_64 | 2022.4-1 | 240.00 | OK | |||
r-release-windows-x86_64 | 2022.4-1 | 7.00 | 77.00 | 84.00 | OK | |
r-oldrel-macos-arm64 | 2022.4-1 | 132.00 | OK | |||
r-oldrel-macos-x86_64 | 2022.4-1 | 284.00 | OK | |||
r-oldrel-windows-ix86+x86_64 | 2022.4-1 | 9.00 | 71.00 | 80.00 | OK |
Version: 2022.4-1
Check: Rd files
Result: NOTE
checkRd: (-1) rotations.Rd:103: Escaped LaTeX specials: \^
Flavors: r-devel-linux-x86_64-debian-clang, r-devel-linux-x86_64-debian-gcc, r-devel-linux-x86_64-fedora-clang, r-devel-linux-x86_64-fedora-gcc, r-devel-windows-x86_64